{"id":2730,"date":"2026-07-17T09:53:40","date_gmt":"2026-07-17T07:53:40","guid":{"rendered":"https:\/\/www.astrid-lindgren-schule-koeln.de\/wordpress\/?page_id=2730"},"modified":"2026-07-17T09:54:38","modified_gmt":"2026-07-17T07:54:38","slug":"innerschulische-vernetzung","status":"publish","type":"page","link":"https:\/\/www.astrid-lindgren-schule-koeln.de\/wordpress\/innerschulische-vernetzung\/","title":{"rendered":"Innerschulische Vernetzung"},"content":{"rendered":"\n<p class=\"has-text-align-center has-large-font-size wp-block-paragraph\"><strong>Konzept zur innerschulischen Vernetzung<\/strong><\/p>\n\n\n\n<figure class=\"wp-block-image aligncenter size-full\"><img loading=\"lazy\" decoding=\"async\" width=\"496\" height=\"496\" src=\"https:\/\/www.astrid-lindgren-schule-koeln.de\/wordpress\/wp-content\/uploads\/2026\/07\/innerschulische_vernetzung_bild1.png\" alt=\"\" class=\"wp-image-2732\" srcset=\"https:\/\/www.astrid-lindgren-schule-koeln.de\/wordpress\/wp-content\/uploads\/2026\/07\/innerschulische_vernetzung_bild1.png 496w, https:\/\/www.astrid-lindgren-schule-koeln.de\/wordpress\/wp-content\/uploads\/2026\/07\/innerschulische_vernetzung_bild1-300x300.png 300w, https:\/\/www.astrid-lindgren-schule-koeln.de\/wordpress\/wp-content\/uploads\/2026\/07\/innerschulische_vernetzung_bild1-150x150.png 150w\" sizes=\"auto, (max-width: 496px) 100vw, 496px\" \/><\/figure>\n\n\n\n<ol class=\"wp-block-list\">\n<li><strong>Ausgangslage und Zielsetzung<\/strong><\/li>\n<\/ol>\n\n\n\n<p class=\"wp-block-paragraph\">Die ganzheitliche F\u00f6rderung unserer Sch\u00fcler*innen erfordert eine enge Zusammenarbeit aller am Schulleben Beteiligten. Um die Verzahnung zwischen dem Unterricht am Vormittag und der offenen Ganztagsbetreuung (OGS) am Nachmittag zu intensivieren, wird ein verbindliches Kooperationskonzept etabliert. Ziel ist es, die p\u00e4dagogische Kontinuit\u00e4t zu st\u00e4rken, gemeinsame Werte und Strukturen zu entwickeln sowie die Selbstregulation der Kinder als Schl\u00fcsselkonzept zu f\u00f6rdern.<\/p>\n\n\n\n<ol start=\"2\" class=\"wp-block-list\">\n<li><strong>Strukturelle Ma\u00dfnahmen zur Kooperation<\/strong><\/li>\n<\/ol>\n\n\n\n<p class=\"wp-block-paragraph\"><strong>2.1 Gemeinsamer Schuljahresauftakt<\/strong><\/p>\n\n\n\n<p class=\"wp-block-paragraph\">Zum Beginn jedes Schuljahres findet eine gemeinsame Auftaktkonferenz mit allen Mitarbeitenden aus Vor- und Nachmittag statt. Ein gemeinsames Fr\u00fchst\u00fcck dient als niedrigschwelliger Einstieg und st\u00e4rkt die Teamgemeinschaft. Im Anschluss werden zentrale Vorhaben, gemeinsame Projekte und p\u00e4dagogische Leitlinien erarbeitet und abgestimmt oder \u00fcber p\u00e4dagogische Neuerungen und Leitlinien informiert.<\/p>\n\n\n\n<p class=\"wp-block-paragraph\"><strong>2.2 Zwei sp\u00e4te Gesamtkonferenzen pro Schuljahr<\/strong><\/p>\n\n\n\n<p class=\"wp-block-paragraph\">Um allen Mitarbeitenden eine gleichberechtigte Teilnahme zu erm\u00f6glichen, werden zwei Gesamtkonferenzen bewusst am Nachmittag (ab 16 Uhr) angesetzt. So k\u00f6nnen sowohl das Lehrerkollegium als auch die Mitarbeitenden der OGS partizipieren. Es werden gemeinsame p\u00e4dagogische Themen bearbeitet.<\/p>\n\n\n\n<ol start=\"3\" class=\"wp-block-list\">\n<li><strong>Kommunikation und Austausch<\/strong><\/li>\n<\/ol>\n\n\n\n<p class=\"wp-block-paragraph\"><strong>3.1 Kalender<\/strong><\/p>\n\n\n\n<p class=\"wp-block-paragraph\">Ein Teamkalender bildet die Grundlage f\u00fcr transparente Kommunikation. Der Kalender enth\u00e4lt:<\/p>\n\n\n\n<ul class=\"wp-block-list\">\n<li>Rituale der Klasse<\/li>\n\n\n\n<li>Aufr\u00e4um- Sitzkreismusik<\/li>\n\n\n\n<li>Klassenliste<\/li>\n\n\n\n<li>Tagesaktuelle (abweichende) Abholzeiten<\/li>\n\n\n\n<li>Tagesaktuell die erkrankten Kinder<\/li>\n\n\n\n<li>Ggf. besondere Vorkommnisse des Tages<\/li>\n\n\n\n<li>Ggf. Ergebnisse der Teamsitzungen<\/li>\n\n\n\n<li>Zust\u00e4ndigkeiten und Ansprechpartner<\/li>\n<\/ul>\n\n\n\n<p class=\"wp-block-paragraph\"><strong>3.2 Regelm\u00e4\u00dfige Teamsitzungen<\/strong><\/p>\n\n\n\n<p class=\"wp-block-paragraph\">Jede Woche und fest im Stundenplan verankert findet eine Teamsitzung statt. Die Teilnehmer*innen wechseln dabei in einem festgelegten Turnus, so dass sowohl Klassenlehrerinnen und OGS-Gruppenleitungen als auch Sonderp\u00e4dagoginnen und OGS-Gruppenleitungen gemeinsame Teamsitzungen haben. Inhalte dieser Teamsitzungen sind u.a. der Austausch \u00fcber den Entwicklungsstand der Kinder, organisatorische Absprachen und die Reflexion gemeinsamer Absprachen.<\/p>\n\n\n\n<p class=\"wp-block-paragraph\">Ebenso gibt es einen w\u00f6chentlichen jour-fix auf Leitungsebne und Schulsozialarbeit. Die Leitung der OGS nimmt zudem an den Konferenzen des Lehrer*innenkollegiums teil und berichtet aus dem Nachmittag. Die Schulleiterin nimmt, je nach M\u00f6glichkeit, an den Teamsitzungen der OGS teil.<\/p>\n\n\n\n<ol start=\"4\" class=\"wp-block-list\">\n<li><strong>P\u00e4dagogische Verzahnung im Schulalltag<\/strong><\/li>\n<\/ol>\n\n\n\n<p class=\"wp-block-paragraph\"><strong>4.1 Gemeinsame Projekttage und Ausfl\u00fcge<\/strong><\/p>\n\n\n\n<p class=\"wp-block-paragraph\">Die j\u00e4hrlichen Projekttage sowie gr\u00f6\u00dfere Ausfl\u00fcge (z.B. Bubenheimer Spieleland) werden von Lehrkr\u00e4ften und OGS-Mitarbeitenden gemeinsam geplant, begleitet und durchgef\u00fchrt. Diese Form der Zusammenarbeit f\u00f6rdert nicht nur Kontinuit\u00e4t im p\u00e4dagogischen Handeln, sondern auch die pers\u00f6nliche Beziehung der Kinder zu allen Betreuungspersonen. Auch kleinere Ausfl\u00fcge am Vormittag werden, wenn m\u00f6glich, von den OGS-Mitarbeitenden des jeweiligen Teams begleitet.<\/p>\n\n\n\n<p class=\"wp-block-paragraph\">F\u00fcr die Mitarbeitenden der Schule finden immer wieder gemeinsame Aktivit\u00e4ten (z.B. Buddy Bash) statt, um Kooperation- und Kommunikation in einem anderen Umfeld zu erm\u00f6glichen.<\/p>\n\n\n\n<p class=\"wp-block-paragraph\"><strong>4.2 Gemeinsame Feste<\/strong><\/p>\n\n\n\n<p class=\"wp-block-paragraph\">Schulfeste wie das Sommerfest oder das Lichterfest werden gemeinschaftlich durchgef\u00fchrt. Sie st\u00e4rken das Wir-Gef\u00fchl in der gesamten Schulgemeinschaft und bieten Gelegenheit zur Partizipation aller Kinder, Eltern und Mitarbeitenden.<\/p>\n\n\n\n<p class=\"wp-block-paragraph\"><strong>4.3 Begleitung der Lernzeit<\/strong><\/p>\n\n\n\n<p class=\"wp-block-paragraph\">Die Lehrkr\u00e4fte, die in der Lernzeit eingesetzt sind, sprechen sich mit den OGS-Mitarbeiter*innen ab und f\u00f6rdern und\/oder fordern einzelne Sch\u00fcler*innen oder Kleingruppen w\u00e4hrend die OGS-Mitarbeiter*innen die Lerngruppe beim selbstregulierten Lernen begleitet. Der Entwicklungsstand der Sch\u00fcler*innen und die Einteilung der Kinder in die Kompetenzstufen Erde, Mond und Sonne wird in den gemeinsamen Teamstunden besprochen.<\/p>\n\n\n\n<p class=\"wp-block-paragraph\"><strong>4.4. Elternarbeit<\/strong><\/p>\n\n\n\n<p class=\"wp-block-paragraph\">Im Beschwerdemanagement der Schule wird darauf Wert gelegt, dass Kl\u00e4rungsbedarfe und\/oder Konflikte zwischen den direkt betroffenen Personen besprochen werden, so dass Konflikte im Vormittag von den Lehrkr\u00e4ften und Konflikte im Nachmittag von den OGS-Mitarbeiter*innen gekl\u00e4rt werden. Bei massiven Regelverst\u00f6\u00dfen kann es jedoch auch zu gemeinsamen Elterngespr\u00e4che mit OGS und Lehrer*innen kommen, um den p\u00e4dagogischen Schulterschluss zu zeigen. Ebenso nehmen die Gruppenleitungen bei Klassenkonferenzen mit Ordnungsma\u00dfnahmen nach Schulgesetz \u00a753 oder \u00a754 als beratendes Mitglied teil.<\/p>\n\n\n\n<p class=\"wp-block-paragraph\">Im SJ 25\/26 findet der erste gemeinsame Eltern-Kind-Sprechtag mit dem Klassenteam statt.<\/p>\n\n\n\n<ol start=\"5\" class=\"wp-block-list\">\n<li><strong>R\u00e4umliche Gestaltung und Teamkultur<\/strong><\/li>\n<\/ol>\n\n\n\n<p class=\"wp-block-paragraph\"><strong>5.1 Gemeinsamer Teamraum<\/strong><\/p>\n\n\n\n<p class=\"wp-block-paragraph\">Anstelle eines klassischen Lehrerzimmers wurde bewusst ein gemeinsamer Teamraum f\u00fcr Lehrkr\u00e4fte und OGS-Mitarbeitende eingerichtet. Hier finden sowohl die Dienstbesprechungen und Konferenzen des Vormittags als auch die Teamsitzungen des Nachmittags statt. Er fungiert als zentraler Ort f\u00fcr Austausch, Erholung, gemeinsame Planung und Begegnung. Der Teamraum soll das Zusammenarbeiten auf Augenh\u00f6he unterst\u00fctzen und den Teamgedanken im Alltag sichtbar machen.<\/p>\n\n\n\n<p class=\"wp-block-paragraph\"><strong>5.2 Nutzung der R\u00e4ume<\/strong> (s. Raumkonzept)<\/p>\n\n\n\n<p class=\"wp-block-paragraph\">Im Erdgeschoss sind die vier Gruppenr\u00e4ume der OGS untergebracht, wobei sich immer zwei Klassen einen Raum teilen. Im Vormittag werden diese R\u00e4ume auch zur F\u00f6rderung genutzt werden. Zudem nutzen auch die OGS-Mitarbeitenden die Klassenr\u00e4ume der jeweiligen Klasse und haben auch hier Platz f\u00fcr ihre Materialien. An den T\u00fcren finden sich die Teamschilder, auf denen das gesamte Team namentlich aufgef\u00fchrt ist.<\/p>\n\n\n\n<ol start=\"6\" class=\"wp-block-list\">\n<li><strong>Ausblick und Evaluation<\/strong><\/li>\n<\/ol>\n\n\n\n<p class=\"wp-block-paragraph\">Die Umsetzung des Konzepts wird j\u00e4hrlich evaluiert. R\u00fcckmeldungen aller Beteiligten flie\u00dfen in die Weiterentwicklung ein. Perspektivisch sollen weiterhin Fortbildungsangebote zur F\u00f6rderung kooperativer Lernformen sowie interprofessioneller Zusammenarbeit etabliert werden.<\/p>\n\n\n\n<p class=\"wp-block-paragraph\"><\/p>\n","protected":false},"excerpt":{"rendered":"<p>Konzept zur innerschulischen Vernetzung Die ganzheitliche F\u00f6rderung unserer Sch\u00fcler*innen erfordert eine enge Zusammenarbeit aller am Schulleben Beteiligten. Um die Verzahnung zwischen dem Unterricht am Vormittag und der offenen Ganztagsbetreuung (OGS) am Nachmittag zu intensivieren, wird ein verbindliches Kooperationskonzept etabliert. Ziel ist es, die p\u00e4dagogische Kontinuit\u00e4t zu st\u00e4rken, gemeinsame Werte und Strukturen zu entwickeln sowie die [&hellip;]<\/p>\n","protected":false},"author":1,"featured_media":2091,"parent":0,"menu_order":0,"comment_status":"closed","ping_status":"closed","template":"","meta":{"footnotes":""},"class_list":["post-2730","page","type-page","status-publish","has-post-thumbnail","hentry"],"_links":{"self":[{"href":"https:\/\/www.astrid-lindgren-schule-koeln.de\/wordpress\/wp-json\/wp\/v2\/pages\/2730","targetHints":{"allow":["GET"]}}],"collection":[{"href":"https:\/\/www.astrid-lindgren-schule-koeln.de\/wordpress\/wp-json\/wp\/v2\/pages"}],"about":[{"href":"https:\/\/www.astrid-lindgren-schule-koeln.de\/wordpress\/wp-json\/wp\/v2\/types\/page"}],"author":[{"embeddable":true,"href":"https:\/\/www.astrid-lindgren-schule-koeln.de\/wordpress\/wp-json\/wp\/v2\/users\/1"}],"replies":[{"embeddable":true,"href":"https:\/\/www.astrid-lindgren-schule-koeln.de\/wordpress\/wp-json\/wp\/v2\/comments?post=2730"}],"version-history":[{"count":2,"href":"https:\/\/www.astrid-lindgren-schule-koeln.de\/wordpress\/wp-json\/wp\/v2\/pages\/2730\/revisions"}],"predecessor-version":[{"id":2733,"href":"https:\/\/www.astrid-lindgren-schule-koeln.de\/wordpress\/wp-json\/wp\/v2\/pages\/2730\/revisions\/2733"}],"wp:featuredmedia":[{"embeddable":true,"href":"https:\/\/www.astrid-lindgren-schule-koeln.de\/wordpress\/wp-json\/wp\/v2\/media\/2091"}],"wp:attachment":[{"href":"https:\/\/www.astrid-lindgren-schule-koeln.de\/wordpress\/wp-json\/wp\/v2\/media?parent=2730"}],"curies":[{"name":"wp","href":"https:\/\/api.w.org\/{rel}","templated":true}]}}

<p class="has-text-align-center has-large-font-size wp-block-paragraph"><strong>Konzept zur innerschulischen Vernetzung</strong></p>



<figure class="wp-block-image aligncenter size-full"><img loading="lazy" decoding="async" width="496" height="496" src="https://www.astrid-lindgren-schule-koeln.de/wordpress/wp-content/uploads/2026/07/innerschulische_vernetzung_bild1.png" alt="" class="wp-image-2732" srcset="https://www.astrid-lindgren-schule-koeln.de/wordpress/wp-content/uploads/2026/07/innerschulische_vernetzung_bild1.png 496w, https://www.astrid-lindgren-schule-koeln.de/wordpress/wp-content/uploads/2026/07/innerschulische_vernetzung_bild1-300x300.png 300w, https://www.astrid-lindgren-schule-koeln.de/wordpress/wp-content/uploads/2026/07/innerschulische_vernetzung_bild1-150x150.png 150w" sizes="auto, (max-width: 496px) 100vw, 496px" /></figure>



<ol class="wp-block-list">
<li><strong>Ausgangslage und Zielsetzung</strong></li>
</ol>



<p class="wp-block-paragraph">Die ganzheitliche Förderung unserer Schüler*innen erfordert eine enge Zusammenarbeit aller am Schulleben Beteiligten. Um die Verzahnung zwischen dem Unterricht am Vormittag und der offenen Ganztagsbetreuung (OGS) am Nachmittag zu intensivieren, wird ein verbindliches Kooperationskonzept etabliert. Ziel ist es, die pädagogische Kontinuität zu stärken, gemeinsame Werte und Strukturen zu entwickeln sowie die Selbstregulation der Kinder als Schlüsselkonzept zu fördern.</p>



<ol start="2" class="wp-block-list">
<li><strong>Strukturelle Maßnahmen zur Kooperation</strong></li>
</ol>



<p class="wp-block-paragraph"><strong>2.1 Gemeinsamer Schuljahresauftakt</strong></p>



<p class="wp-block-paragraph">Zum Beginn jedes Schuljahres findet eine gemeinsame Auftaktkonferenz mit allen Mitarbeitenden aus Vor- und Nachmittag statt. Ein gemeinsames Frühstück dient als niedrigschwelliger Einstieg und stärkt die Teamgemeinschaft. Im Anschluss werden zentrale Vorhaben, gemeinsame Projekte und pädagogische Leitlinien erarbeitet und abgestimmt oder über pädagogische Neuerungen und Leitlinien informiert.</p>



<p class="wp-block-paragraph"><strong>2.2 Zwei späte Gesamtkonferenzen pro Schuljahr</strong></p>



<p class="wp-block-paragraph">Um allen Mitarbeitenden eine gleichberechtigte Teilnahme zu ermöglichen, werden zwei Gesamtkonferenzen bewusst am Nachmittag (ab 16 Uhr) angesetzt. So können sowohl das Lehrerkollegium als auch die Mitarbeitenden der OGS partizipieren. Es werden gemeinsame pädagogische Themen bearbeitet.</p>



<ol start="3" class="wp-block-list">
<li><strong>Kommunikation und Austausch</strong></li>
</ol>



<p class="wp-block-paragraph"><strong>3.1 Kalender</strong></p>



<p class="wp-block-paragraph">Ein Teamkalender bildet die Grundlage für transparente Kommunikation. Der Kalender enthält:</p>



<ul class="wp-block-list">
<li>Rituale der Klasse</li>



<li>Aufräum- Sitzkreismusik</li>



<li>Klassenliste</li>



<li>Tagesaktuelle (abweichende) Abholzeiten</li>



<li>Tagesaktuell die erkrankten Kinder</li>



<li>Ggf. besondere Vorkommnisse des Tages</li>



<li>Ggf. Ergebnisse der Teamsitzungen</li>



<li>Zuständigkeiten und Ansprechpartner</li>
</ul>



<p class="wp-block-paragraph"><strong>3.2 Regelmäßige Teamsitzungen</strong></p>



<p class="wp-block-paragraph">Jede Woche und fest im Stundenplan verankert findet eine Teamsitzung statt. Die Teilnehmer*innen wechseln dabei in einem festgelegten Turnus, so dass sowohl Klassenlehrerinnen und OGS-Gruppenleitungen als auch Sonderpädagoginnen und OGS-Gruppenleitungen gemeinsame Teamsitzungen haben. Inhalte dieser Teamsitzungen sind u.a. der Austausch über den Entwicklungsstand der Kinder, organisatorische Absprachen und die Reflexion gemeinsamer Absprachen.</p>



<p class="wp-block-paragraph">Ebenso gibt es einen wöchentlichen jour-fix auf Leitungsebne und Schulsozialarbeit. Die Leitung der OGS nimmt zudem an den Konferenzen des Lehrer*innenkollegiums teil und berichtet aus dem Nachmittag. Die Schulleiterin nimmt, je nach Möglichkeit, an den Teamsitzungen der OGS teil.</p>



<ol start="4" class="wp-block-list">
<li><strong>Pädagogische Verzahnung im Schulalltag</strong></li>
</ol>



<p class="wp-block-paragraph"><strong>4.1 Gemeinsame Projekttage und Ausflüge</strong></p>



<p class="wp-block-paragraph">Die jährlichen Projekttage sowie größere Ausflüge (z.B. Bubenheimer Spieleland) werden von Lehrkräften und OGS-Mitarbeitenden gemeinsam geplant, begleitet und durchgeführt. Diese Form der Zusammenarbeit fördert nicht nur Kontinuität im pädagogischen Handeln, sondern auch die persönliche Beziehung der Kinder zu allen Betreuungspersonen. Auch kleinere Ausflüge am Vormittag werden, wenn möglich, von den OGS-Mitarbeitenden des jeweiligen Teams begleitet.</p>



<p class="wp-block-paragraph">Für die Mitarbeitenden der Schule finden immer wieder gemeinsame Aktivitäten (z.B. Buddy Bash) statt, um Kooperation- und Kommunikation in einem anderen Umfeld zu ermöglichen.</p>



<p class="wp-block-paragraph"><strong>4.2 Gemeinsame Feste</strong></p>



<p class="wp-block-paragraph">Schulfeste wie das Sommerfest oder das Lichterfest werden gemeinschaftlich durchgeführt. Sie stärken das Wir-Gefühl in der gesamten Schulgemeinschaft und bieten Gelegenheit zur Partizipation aller Kinder, Eltern und Mitarbeitenden.</p>



<p class="wp-block-paragraph"><strong>4.3 Begleitung der Lernzeit</strong></p>



<p class="wp-block-paragraph">Die Lehrkräfte, die in der Lernzeit eingesetzt sind, sprechen sich mit den OGS-Mitarbeiter*innen ab und fördern und/oder fordern einzelne Schüler*innen oder Kleingruppen während die OGS-Mitarbeiter*innen die Lerngruppe beim selbstregulierten Lernen begleitet. Der Entwicklungsstand der Schüler*innen und die Einteilung der Kinder in die Kompetenzstufen Erde, Mond und Sonne wird in den gemeinsamen Teamstunden besprochen.</p>



<p class="wp-block-paragraph"><strong>4.4. Elternarbeit</strong></p>



<p class="wp-block-paragraph">Im Beschwerdemanagement der Schule wird darauf Wert gelegt, dass Klärungsbedarfe und/oder Konflikte zwischen den direkt betroffenen Personen besprochen werden, so dass Konflikte im Vormittag von den Lehrkräften und Konflikte im Nachmittag von den OGS-Mitarbeiter*innen geklärt werden. Bei massiven Regelverstößen kann es jedoch auch zu gemeinsamen Elterngespräche mit OGS und Lehrer*innen kommen, um den pädagogischen Schulterschluss zu zeigen. Ebenso nehmen die Gruppenleitungen bei Klassenkonferenzen mit Ordnungsmaßnahmen nach Schulgesetz §53 oder §54 als beratendes Mitglied teil.</p>



<p class="wp-block-paragraph">Im SJ 25/26 findet der erste gemeinsame Eltern-Kind-Sprechtag mit dem Klassenteam statt.</p>



<ol start="5" class="wp-block-list">
<li><strong>Räumliche Gestaltung und Teamkultur</strong></li>
</ol>



<p class="wp-block-paragraph"><strong>5.1 Gemeinsamer Teamraum</strong></p>



<p class="wp-block-paragraph">Anstelle eines klassischen Lehrerzimmers wurde bewusst ein gemeinsamer Teamraum für Lehrkräfte und OGS-Mitarbeitende eingerichtet. Hier finden sowohl die Dienstbesprechungen und Konferenzen des Vormittags als auch die Teamsitzungen des Nachmittags statt. Er fungiert als zentraler Ort für Austausch, Erholung, gemeinsame Planung und Begegnung. Der Teamraum soll das Zusammenarbeiten auf Augenhöhe unterstützen und den Teamgedanken im Alltag sichtbar machen.</p>



<p class="wp-block-paragraph"><strong>5.2 Nutzung der Räume</strong> (s. Raumkonzept)</p>



<p class="wp-block-paragraph">Im Erdgeschoss sind die vier Gruppenräume der OGS untergebracht, wobei sich immer zwei Klassen einen Raum teilen. Im Vormittag werden diese Räume auch zur Förderung genutzt werden. Zudem nutzen auch die OGS-Mitarbeitenden die Klassenräume der jeweiligen Klasse und haben auch hier Platz für ihre Materialien. An den Türen finden sich die Teamschilder, auf denen das gesamte Team namentlich aufgeführt ist.</p>



<ol start="6" class="wp-block-list">
<li><strong>Ausblick und Evaluation</strong></li>
</ol>



<p class="wp-block-paragraph">Die Umsetzung des Konzepts wird jährlich evaluiert. Rückmeldungen aller Beteiligten fließen in die Weiterentwicklung ein. Perspektivisch sollen weiterhin Fortbildungsangebote zur Förderung kooperativer Lernformen sowie interprofessioneller Zusammenarbeit etabliert werden.</p>



<p class="wp-block-paragraph"></p>

<p>Konzept zur innerschulischen Vernetzung Die ganzheitliche Förderung unserer Schüler*innen erfordert eine enge Zusammenarbeit aller am Schulleben Beteiligten. Um die Verzahnung zwischen dem Unterricht am Vormittag und der offenen Ganztagsbetreuung (OGS) am Nachmittag zu intensivieren, wird ein verbindliches Kooperationskonzept etabliert. Ziel ist es, die pädagogische Kontinuität zu stärken, gemeinsame Werte und Strukturen zu entwickeln sowie die [&hellip;]</p>
