{"id":2726,"date":"2026-07-17T09:47:19","date_gmt":"2026-07-17T07:47:19","guid":{"rendered":"https:\/\/www.astrid-lindgren-schule-koeln.de\/wordpress\/?page_id=2726"},"modified":"2026-07-17T09:47:19","modified_gmt":"2026-07-17T07:47:19","slug":"elternarbeit","status":"publish","type":"page","link":"https:\/\/www.astrid-lindgren-schule-koeln.de\/wordpress\/elternarbeit\/","title":{"rendered":"Elternarbeit"},"content":{"rendered":"\n<p class=\"has-text-align-center has-large-font-size wp-block-paragraph\"><strong>Elternarbeit (befindet sich in Arbeit)<\/strong><\/p>\n\n\n\n<ol class=\"wp-block-list\"><\/ol>\n\n\n\n<p class=\"wp-block-paragraph\">Neben den Kindern und den Mitarbeiter*innen stellen die Eltern im System der GGS<\/p>\n\n\n\n<p class=\"wp-block-paragraph\">Astrid Lindgren die dritte wichtige S\u00e4ule in Kooperation und Schulgestaltung dar.<\/p>\n\n\n\n<p class=\"wp-block-paragraph\">Im Schuljahresverlauf \u00fcbernehmen die Eltern in Eigenverantwortung und in<\/p>\n\n\n\n<p class=\"wp-block-paragraph\">Kooperation mit einzelnen Lehrkr\u00e4ften bei verschiedenen Aktionen folgende Aufgaben:<\/p>\n\n\n\n<p class=\"wp-block-paragraph\">&#8211; St-Martinszug: Ausgabe der Weckm\u00e4nner und Verkauf des Kinderpunsches<\/p>\n\n\n\n<p class=\"wp-block-paragraph\">&#8211; Organisation des Fastenbrechens<\/p>\n\n\n\n<p class=\"wp-block-paragraph\">&#8211; Kinderflohmarkt<\/p>\n\n\n\n<p class=\"wp-block-paragraph\">Die Schulpflegschaft findet in der Regel zwei- bis dreimal innerhalb eines Schuljahres<\/p>\n\n\n\n<p class=\"wp-block-paragraph\">statt. Die Teilnahme der Schulleitung ist in der Regel erw\u00fcnscht. Der F\u00f6rderverein ist<\/p>\n\n\n\n<p class=\"wp-block-paragraph\">sowohl von Lehrkr\u00e4ften als auch Eltern gleich besetzt.<\/p>\n\n\n\n<p class=\"wp-block-paragraph\">Ein weiterer Baustein in der Zusammenarbeit ist die Unterst\u00fctzung durch die Eltern bei<\/p>\n\n\n\n<p class=\"wp-block-paragraph\">den Festen und Treffen, die durch die Mitarbeiter*innen vorbereitet werden. Hierzu<\/p>\n\n\n\n<p class=\"wp-block-paragraph\">z\u00e4hlen das Sommer- und das Lichterfest, welche im Wechsel pro Schuljahr<\/p>\n\n\n\n<p class=\"wp-block-paragraph\">durchgef\u00fchrt werden. Ebenfalls unterst\u00fctzen die Eltern bei der Fu\u00dfg\u00e4nger*innenralley bzw. bei den Radfahrpr\u00fcfungen in der Verkehrswoche.<\/p>\n\n\n\n<p class=\"wp-block-paragraph\">Die Schulkonferenz als formales Mitbestimmungsgremium findet wie die<\/p>\n\n\n\n<p class=\"wp-block-paragraph\">Schulkonferenz in der Regel zwei bis dreimal im Jahr statt.<\/p>\n\n\n\n<p class=\"wp-block-paragraph\"><strong>1.1 Beratungskonzept (in Arbeit)<\/strong><\/p>\n\n\n\n<p class=\"wp-block-paragraph\">Der enge Austausch \u00fcber die individuelle Entwicklung eines jeden Kindes ist allen am<\/p>\n\n\n\n<p class=\"wp-block-paragraph\">Kind Beteiligten sehr wichtig. Ein t\u00e4glicher Austausch mit den Eltern kann bei den sogenannten \u201eZaungespr\u00e4chen\u201c stattfinden, die bei der morgendlichen Begr\u00fc\u00dfung der Sch\u00fcler*innen am Schultor durch Schulleitung und Schulsozialarbeiter m\u00f6glich sind. Neben der schulischen Entwicklung im Unterricht ist auch<\/p>\n\n\n\n<p class=\"wp-block-paragraph\">die soziale und emotionale Entwicklung Thema in der Elternberatung.<\/p>\n\n\n\n<p class=\"wp-block-paragraph\">Grunds\u00e4tzlich wird das LOG-Buch von Seiten der Eltern und Schule intensiv als Kommunikationsmittel f\u00fcr alle Infos genutzt Die Eltern erhalten aber auch w\u00f6chentlich \u00fcber das LOG-Buch zum Arbeits- und Lernverhalten ein Feedback. Dabei sch\u00e4tzen sich die Sch\u00fcler*innen selbst ein und erhalten dann eine R\u00fcckmeldung durch die Lehrkr\u00e4fte. Alle schriftlichen Lernzielkontrollen werden ebenfalls zur Sicherstellung der Transparenz \u00fcber die aktuellen Leistungen mit nach Hause gegeben<br>(s. Leistungskonzept).<\/p>\n\n\n\n<p class=\"wp-block-paragraph\">Im ersten Halbjahr finden die Elternberatungswochen statt. Hieran nehmen je nach<\/p>\n\n\n\n<p class=\"wp-block-paragraph\">Bedarf Klassenleitung, Eltern, Schulsozialp\u00e4dagogin und \/ oder Sonderp\u00e4dagogin, sowie<\/p>\n\n\n\n<p class=\"wp-block-paragraph\">Fachlehrerin und \/ oder OGS-Gruppenleitung teil. Im ersten Halbjahr werden Elternberatungswochen durchgef\u00fchrt. Neben der verbindlichen Teilnahme von Klassenleitung und Eltern k\u00f6nnen bei Bedarf weitere schulische Fachkr\u00e4fte einbezogen werden.<\/p>\n\n\n\n<p class=\"wp-block-paragraph\">Im Schuljahr 2025\/26 hat im zweiten Halbjahr das erste Mal ein Eltern-Kind-<\/p>\n\n\n\n<p class=\"wp-block-paragraph\">Sprechtag im Gro\u00dfteam stattgefunden. Dieser wurde von allen Beteiligten als sehr<\/p>\n\n\n\n<p class=\"wp-block-paragraph\">effektiv und erfolgreich bewertet und soll nach einer gemeinsamen Evaluation ab dem<\/p>\n\n\n\n<p class=\"wp-block-paragraph\">Schuljahr 26\/27 fest installiert werden.<\/p>\n\n\n\n<p class=\"wp-block-paragraph\">Als Grundlage der Beratung bzw. des Austausches dienen die Einsch\u00e4tzungsb\u00f6gen, die von den Kindern und den Lehrkr\u00e4ften verpflichtend ausgef\u00fcllt werden. Die Eltern erhalten ebenso einen Einsch\u00e4tzungsb\u00f6gen, den sie freiwillig ausf\u00fcllen und mitbringen k\u00f6nnen.<\/p>\n\n\n\n<p class=\"wp-block-paragraph\"><strong>1.2 Beschwerdekonzept<\/strong><\/p>\n\n\n\n<p class=\"wp-block-paragraph\">\u201eWenig ist verbindender als ein bereinigter Konflikt!\u201c ist ein Zitat, dessen Ursprung nicht bekannt ist, jedoch unser Verst\u00e4ndnis f\u00fcr ein gutes Miteinander verdeutlicht. Wo viele Menschen zusammenkommen, wird es immer wieder Missverst\u00e4ndnisse, Kl\u00e4rungsbedarfe und \/ oder Konflikte geben. Wichtig ist dann, wie in einer solchen Situation verfahren wird. Unser Anliegen ist die direkte Kommunikation mit den Betroffenen selbst. Daher sind uns folgende L\u00f6sungswege wichtig und sollten von allen Seiten eingehalten werden:<\/p>\n\n\n\n<figure class=\"wp-block-table\"><table class=\"has-fixed-layout\"><tbody><tr><td>Vorfall im<\/td><td>Vormittag<\/td><td>Nachmittag<\/td><\/tr><tr><td>Eltern wenden sich an<\/td><td>Betroffene Lehrer*in<\/td><td>Betroffenen OGS-Mitarbeiter*in<\/td><\/tr><tr><td>Nicht zu kl\u00e4ren, Eltern wenden sich an:<\/td><td>Zust\u00e4ndige Klassenleitung<\/td><td>Zust\u00e4ndige Gruppenleitung<\/td><\/tr><tr><td>Nicht zu kl\u00e4ren, Eltern wenden sich an:<\/td><td>Elternvertreter*in<\/td><td><br><\/td><\/tr><tr><td>Nicht zu kl\u00e4ren: Eltern wenden sich an:<\/td><td>Schulleitung<\/td><td>OGS-Leitung<\/td><\/tr><tr><td>Nicht zu kl\u00e4ren: Eltern wenden sich an:<\/td><td>Schulr\u00e4tin<\/td><td>Tr\u00e4ger Netzwerk e.V:<\/td><\/tr><\/tbody><\/table><\/figure>\n\n\n\n<p class=\"wp-block-paragraph\"><\/p>\n","protected":false},"excerpt":{"rendered":"<p>Elternarbeit (befindet sich in Arbeit) Neben den Kindern und den Mitarbeiter*innen stellen die Eltern im System der GGS Astrid Lindgren die dritte wichtige S\u00e4ule in Kooperation und Schulgestaltung dar. Im Schuljahresverlauf \u00fcbernehmen die Eltern in Eigenverantwortung und in Kooperation mit einzelnen Lehrkr\u00e4ften bei verschiedenen Aktionen folgende Aufgaben: &#8211; St-Martinszug: Ausgabe der Weckm\u00e4nner und Verkauf des [&hellip;]<\/p>\n","protected":false},"author":1,"featured_media":2091,"parent":0,"menu_order":0,"comment_status":"closed","ping_status":"closed","template":"","meta":{"footnotes":""},"class_list":["post-2726","page","type-page","status-publish","has-post-thumbnail","hentry"],"_links":{"self":[{"href":"https:\/\/www.astrid-lindgren-schule-koeln.de\/wordpress\/wp-json\/wp\/v2\/pages\/2726","targetHints":{"allow":["GET"]}}],"collection":[{"href":"https:\/\/www.astrid-lindgren-schule-koeln.de\/wordpress\/wp-json\/wp\/v2\/pages"}],"about":[{"href":"https:\/\/www.astrid-lindgren-schule-koeln.de\/wordpress\/wp-json\/wp\/v2\/types\/page"}],"author":[{"embeddable":true,"href":"https:\/\/www.astrid-lindgren-schule-koeln.de\/wordpress\/wp-json\/wp\/v2\/users\/1"}],"replies":[{"embeddable":true,"href":"https:\/\/www.astrid-lindgren-schule-koeln.de\/wordpress\/wp-json\/wp\/v2\/comments?post=2726"}],"version-history":[{"count":1,"href":"https:\/\/www.astrid-lindgren-schule-koeln.de\/wordpress\/wp-json\/wp\/v2\/pages\/2726\/revisions"}],"predecessor-version":[{"id":2727,"href":"https:\/\/www.astrid-lindgren-schule-koeln.de\/wordpress\/wp-json\/wp\/v2\/pages\/2726\/revisions\/2727"}],"wp:featuredmedia":[{"embeddable":true,"href":"https:\/\/www.astrid-lindgren-schule-koeln.de\/wordpress\/wp-json\/wp\/v2\/media\/2091"}],"wp:attachment":[{"href":"https:\/\/www.astrid-lindgren-schule-koeln.de\/wordpress\/wp-json\/wp\/v2\/media?parent=2726"}],"curies":[{"name":"wp","href":"https:\/\/api.w.org\/{rel}","templated":true}]}}

<p class="has-text-align-center has-large-font-size wp-block-paragraph"><strong>Elternarbeit (befindet sich in Arbeit)</strong></p>



<ol class="wp-block-list"></ol>



<p class="wp-block-paragraph">Neben den Kindern und den Mitarbeiter*innen stellen die Eltern im System der GGS</p>



<p class="wp-block-paragraph">Astrid Lindgren die dritte wichtige Säule in Kooperation und Schulgestaltung dar.</p>



<p class="wp-block-paragraph">Im Schuljahresverlauf übernehmen die Eltern in Eigenverantwortung und in</p>



<p class="wp-block-paragraph">Kooperation mit einzelnen Lehrkräften bei verschiedenen Aktionen folgende Aufgaben:</p>



<p class="wp-block-paragraph">&#8211; St-Martinszug: Ausgabe der Weckmänner und Verkauf des Kinderpunsches</p>



<p class="wp-block-paragraph">&#8211; Organisation des Fastenbrechens</p>



<p class="wp-block-paragraph">&#8211; Kinderflohmarkt</p>



<p class="wp-block-paragraph">Die Schulpflegschaft findet in der Regel zwei- bis dreimal innerhalb eines Schuljahres</p>



<p class="wp-block-paragraph">statt. Die Teilnahme der Schulleitung ist in der Regel erwünscht. Der Förderverein ist</p>



<p class="wp-block-paragraph">sowohl von Lehrkräften als auch Eltern gleich besetzt.</p>



<p class="wp-block-paragraph">Ein weiterer Baustein in der Zusammenarbeit ist die Unterstützung durch die Eltern bei</p>



<p class="wp-block-paragraph">den Festen und Treffen, die durch die Mitarbeiter*innen vorbereitet werden. Hierzu</p>



<p class="wp-block-paragraph">zählen das Sommer- und das Lichterfest, welche im Wechsel pro Schuljahr</p>



<p class="wp-block-paragraph">durchgeführt werden. Ebenfalls unterstützen die Eltern bei der Fußgänger*innenralley bzw. bei den Radfahrprüfungen in der Verkehrswoche.</p>



<p class="wp-block-paragraph">Die Schulkonferenz als formales Mitbestimmungsgremium findet wie die</p>



<p class="wp-block-paragraph">Schulkonferenz in der Regel zwei bis dreimal im Jahr statt.</p>



<p class="wp-block-paragraph"><strong>1.1 Beratungskonzept (in Arbeit)</strong></p>



<p class="wp-block-paragraph">Der enge Austausch über die individuelle Entwicklung eines jeden Kindes ist allen am</p>



<p class="wp-block-paragraph">Kind Beteiligten sehr wichtig. Ein täglicher Austausch mit den Eltern kann bei den sogenannten „Zaungesprächen“ stattfinden, die bei der morgendlichen Begrüßung der Schüler*innen am Schultor durch Schulleitung und Schulsozialarbeiter möglich sind. Neben der schulischen Entwicklung im Unterricht ist auch</p>



<p class="wp-block-paragraph">die soziale und emotionale Entwicklung Thema in der Elternberatung.</p>



<p class="wp-block-paragraph">Grundsätzlich wird das LOG-Buch von Seiten der Eltern und Schule intensiv als Kommunikationsmittel für alle Infos genutzt Die Eltern erhalten aber auch wöchentlich über das LOG-Buch zum Arbeits- und Lernverhalten ein Feedback. Dabei schätzen sich die Schüler*innen selbst ein und erhalten dann eine Rückmeldung durch die Lehrkräfte. Alle schriftlichen Lernzielkontrollen werden ebenfalls zur Sicherstellung der Transparenz über die aktuellen Leistungen mit nach Hause gegeben<br>(s. Leistungskonzept).</p>



<p class="wp-block-paragraph">Im ersten Halbjahr finden die Elternberatungswochen statt. Hieran nehmen je nach</p>



<p class="wp-block-paragraph">Bedarf Klassenleitung, Eltern, Schulsozialpädagogin und / oder Sonderpädagogin, sowie</p>



<p class="wp-block-paragraph">Fachlehrerin und / oder OGS-Gruppenleitung teil. Im ersten Halbjahr werden Elternberatungswochen durchgeführt. Neben der verbindlichen Teilnahme von Klassenleitung und Eltern können bei Bedarf weitere schulische Fachkräfte einbezogen werden.</p>



<p class="wp-block-paragraph">Im Schuljahr 2025/26 hat im zweiten Halbjahr das erste Mal ein Eltern-Kind-</p>



<p class="wp-block-paragraph">Sprechtag im Großteam stattgefunden. Dieser wurde von allen Beteiligten als sehr</p>



<p class="wp-block-paragraph">effektiv und erfolgreich bewertet und soll nach einer gemeinsamen Evaluation ab dem</p>



<p class="wp-block-paragraph">Schuljahr 26/27 fest installiert werden.</p>



<p class="wp-block-paragraph">Als Grundlage der Beratung bzw. des Austausches dienen die Einschätzungsbögen, die von den Kindern und den Lehrkräften verpflichtend ausgefüllt werden. Die Eltern erhalten ebenso einen Einschätzungsbögen, den sie freiwillig ausfüllen und mitbringen können.</p>



<p class="wp-block-paragraph"><strong>1.2 Beschwerdekonzept</strong></p>



<p class="wp-block-paragraph">„Wenig ist verbindender als ein bereinigter Konflikt!“ ist ein Zitat, dessen Ursprung nicht bekannt ist, jedoch unser Verständnis für ein gutes Miteinander verdeutlicht. Wo viele Menschen zusammenkommen, wird es immer wieder Missverständnisse, Klärungsbedarfe und / oder Konflikte geben. Wichtig ist dann, wie in einer solchen Situation verfahren wird. Unser Anliegen ist die direkte Kommunikation mit den Betroffenen selbst. Daher sind uns folgende Lösungswege wichtig und sollten von allen Seiten eingehalten werden:</p>



<figure class="wp-block-table"><table class="has-fixed-layout"><tbody><tr><td>Vorfall im</td><td>Vormittag</td><td>Nachmittag</td></tr><tr><td>Eltern wenden sich an</td><td>Betroffene Lehrer*in</td><td>Betroffenen OGS-Mitarbeiter*in</td></tr><tr><td>Nicht zu klären, Eltern wenden sich an:</td><td>Zuständige Klassenleitung</td><td>Zuständige Gruppenleitung</td></tr><tr><td>Nicht zu klären, Eltern wenden sich an:</td><td>Elternvertreter*in</td><td><br></td></tr><tr><td>Nicht zu klären: Eltern wenden sich an:</td><td>Schulleitung</td><td>OGS-Leitung</td></tr><tr><td>Nicht zu klären: Eltern wenden sich an:</td><td>Schulrätin</td><td>Träger Netzwerk e.V:</td></tr></tbody></table></figure>



<p class="wp-block-paragraph"></p>

<p>Elternarbeit (befindet sich in Arbeit) Neben den Kindern und den Mitarbeiter*innen stellen die Eltern im System der GGS Astrid Lindgren die dritte wichtige Säule in Kooperation und Schulgestaltung dar. Im Schuljahresverlauf übernehmen die Eltern in Eigenverantwortung und in Kooperation mit einzelnen Lehrkräften bei verschiedenen Aktionen folgende Aufgaben: &#8211; St-Martinszug: Ausgabe der Weckmänner und Verkauf des [&hellip;]</p>
