{"id":2724,"date":"2026-07-17T09:45:17","date_gmt":"2026-07-17T07:45:17","guid":{"rendered":"https:\/\/www.astrid-lindgren-schule-koeln.de\/wordpress\/?page_id=2724"},"modified":"2026-07-17T09:45:17","modified_gmt":"2026-07-17T07:45:17","slug":"lernzeit-versus-hausaufgaben","status":"publish","type":"page","link":"https:\/\/www.astrid-lindgren-schule-koeln.de\/wordpress\/lernzeit-versus-hausaufgaben\/","title":{"rendered":"Lernzeit versus Hausaufgaben"},"content":{"rendered":"\n<p class=\"has-text-align-center has-large-font-size wp-block-paragraph\"><strong>Lernzeit versus Hausaufgaben<\/strong><\/p>\n\n\n\n<p class=\"wp-block-paragraph\">Im Rahmen einer Zukunftswerkstatt entstand bei allen Mitarbeiter*innen der ALGS der Wunsch, den Nachmittag wieder im Sinne von Astrid Lindgren f\u00fcr die Kinder als eine \u201efreie und selbstbestimmte Zeit\u201c zu gestalten. Das Wort Arbeitsgemeinschaft beinhaltet das Wort ARBEITEN \u2013 genau dies soll aber im Nachmittag der ALGS nicht verwendet werden. Die Kinder sollen in Clubs die M\u00f6glichkeit haben zu spielen, zu entdecken, ihren Interessen nachzugehen und sich frei zu entfalten (s. OGS-Konzept) \u2013 ganz im Sinne der Namensgeberin der Schule:<\/p>\n\n\n\n<p class=\"wp-block-paragraph\">\u201eUnd dann muss man ja auch noch Zeit haben, einfach dazusitzen und vor sich hinzuschauen\u201c bis hin zu \u201eLesen ist ein grenzenloses Abenteuer der Kindheit\u201c.<\/p>\n\n\n\n<p class=\"wp-block-paragraph\">Die Konsequenz war (neben der Umbenennung der AG\u2018s) auch die Umgestaltung der Lernzeiten sowohl organisatorischer als auch inhaltlicher Art.<\/p>\n\n\n\n<p class=\"wp-block-paragraph\">Organisatorisch bedeutete dies, dass die Lernzeiten nicht mehr am Nachmittag, sondern in den Randstunden des Vormittags stattfinden, so dass in jeder Klasse vier Lernzeiten im direkten Anschluss an den Unterricht durchgef\u00fchrt werden. In der SEP sind 30 Minuten und in den Stufen drei und vier 45 Minuten vorgesehen. Die Lehrkr\u00e4fte, die in den Lernzeiten eingesetzt sind, f\u00f6rdern einzelne Kinder oder leistungshomogene Kleingruppen.<\/p>\n\n\n\n<p class=\"wp-block-paragraph\">Inhaltlich basieren die neugestalteten Lernzeiten auf dem Leitsatz:<\/p>\n\n\n\n<p class=\"wp-block-paragraph\">WER WEISS, WIE LERNEN GEHT, KANN SELBSTST\u00c4NDIG LERNEN<\/p>\n\n\n\n<p class=\"wp-block-paragraph\">Die Sch\u00fcler*innen sollen je nach Kompetenzstand (Erde, Mond, Sonne s. Kompetenzraster im Anhang) eine Lernzeitaufgabe mit Hilfe (Erde), mit Unterst\u00fctzung im Bedarfsfall (Mond) oder selbstst\u00e4ndig (Sonne) in einem Fach \/ f\u00e4cher\u00fcbergreifend festlegen und ein konkretes Lernziel aus vorgegebenen Aufgaben (Erde), aus teilweise vorgegebenen Ausgaben (Mond) oder frei (Sonne) formulieren.<\/p>\n\n\n\n<p class=\"wp-block-paragraph\">Dabei \u00fcberlegen sie in ihren M\u00f6glichkeiten, welche Lernschritte, welcher Lernort, welche Unterst\u00fctzung, welche Materialien und wieviel Zeit ben\u00f6tigt wird, um die Lernzeitaufgabe erfolgreich zu bew\u00e4ltigen.<\/p>\n\n\n\n<p class=\"wp-block-paragraph\">Ziel ist dabei die Schule als einen Ort vom Lehren zum Lernen zu transformieren und die vier K\u00b4s (Kommunikation, kritisches Denken, Kreativit\u00e4t und Kollaboration) zu implementieren. Die Sch\u00fcler*innen sollen durch das selbstst\u00e4ndige und selbstregulierte Lernen f\u00fcr eine sich schnellwandelnde Zeit, eine digitale Zukunft und den Einfluss der k\u00fcnstlichen Intelligenz gest\u00e4rkt werden.<\/p>\n\n\n\n<p class=\"wp-block-paragraph\">Weitere Gedanken zum srL<\/p>\n\n\n\n<p class=\"wp-block-paragraph\">Das in der Lernzeit erfolgreich eingef\u00fchrte selbstregulierte Lernen sollte auch im Schulvormittag mehr Raum bekommen. Der erste Schritt ist die Einf\u00fchrung des neuen Lehrwerk \u201eMatherad\u201c . Dies ist \u201eein Lehrwerk, das durch eine auf das eigene Lerntempo abgestimmte Bearbeitung, motivierende Elemente wie das Fortschrittposter und Aufgaben im eigenen Tempo das selbstregulierte Lernen f\u00f6rdert\u201c (Klett)<\/p>\n\n\n\n<p class=\"wp-block-paragraph\">Im Fach Deutsch soll \u00fcber die Erstellung einer Lesestra\u00dfe den Kindern die M\u00f6glichkeit gegeben werden, \u00fcber die drei Lesezeiten hinaus, selbstreguliert oder mit Unterst\u00fctzung einzelne Lesekompetenzen aufzubauen und \/ oder zu vertiefen.<\/p>\n\n\n\n<p class=\"wp-block-paragraph\">Durch das Raumkonzept wird den Sch\u00fcler*innen die M\u00f6glichkeit gegeben, sich einen Lernort frei zu w\u00e4hlen. Flure werden zum selbstst\u00e4ndigen Lernen genutzt. Vermehrt muss darauf geachtet werden, dass diese sich als Schleichlernort (leise Arbeitsatmosph\u00e4re) entwickeln.<\/p>\n\n\n\n<p class=\"wp-block-paragraph\">Weitere Ideen\/Visionen zur Gestaltung des Lernzuhauses:<\/p>\n\n\n\n<p class=\"wp-block-paragraph\">Klassenr\u00e4ume = Inputr\u00e4ume mit Lernb\u00e4ndern bei KL in D und M parallel, um Lerngruppen und R\u00e4ume zu \u00f6ffnen<br>Nebenf\u00e4cher in Projekten doppelst\u00fcndig anbieten<\/p>\n\n\n\n<p class=\"wp-block-paragraph\">Gruppen- und Fachr\u00e4ume = Lernateliers mit Lernbegleiter*innen<\/p>\n\n\n\n<p class=\"wp-block-paragraph\">Treppenabs\u00e4tze= Marktplatz zum Austausch<\/p>\n\n\n\n<figure class=\"wp-block-table\"><table class=\"has-fixed-layout\"><tbody><tr><td>Material mit Selbstkontrolle Vom Tagesplan \u00fcber Wochenplan zum offenen Plan<br><\/td><td>B\u00fccher Ipads mit Taskcards Fachr\u00e4der<br><\/td><td>Sch\u00fcler*innen (Graduierung) Lerngruppe \/ Klasse Peergruppe im Lernen<\/td><\/tr><tr><td><strong>Lernzeiten<\/strong> Selbstregulierendes Lernen Besetzung Einbettung in Stundenplan<\/td><td><strong>Unterricht<\/strong> Input \/ Inhalte R\u00e4ume<br><\/td><td><strong>Personen<\/strong> P\u00e4dagog*innen \/MA (Rollenverst\u00e4ndnis) Inputgeber Coach Begleiter*innen<\/td><\/tr><tr><td>R\u00fcckmeldung zu den selbstgesteckten Zielen<\/td><td>Gelingensnachweise (zeitlich und inhaltlich differenziert)<\/td><td>Eltern (R\u00fcckmeldungssysteme)<\/td><\/tr><\/tbody><\/table><\/figure>\n\n\n\n<p class=\"wp-block-paragraph\">Fortbildungsnotwendigkeiten:<\/p>\n\n\n\n<p class=\"wp-block-paragraph\">Fortbildung \u201eLerncoaching, Lernbegleiter*in und Inputgeber*in\u201c<\/p>\n\n\n\n<p class=\"wp-block-paragraph\">Am Ende sollte eine Verbesserung der Lernergebnisse, der Lernatmosph\u00e4re und der intrinsischen Motivation zu beobachten sein.<\/p>\n\n\n\n<p class=\"wp-block-paragraph\"><\/p>\n","protected":false},"excerpt":{"rendered":"<p>Lernzeit versus Hausaufgaben Im Rahmen einer Zukunftswerkstatt entstand bei allen Mitarbeiter*innen der ALGS der Wunsch, den Nachmittag wieder im Sinne von Astrid Lindgren f\u00fcr die Kinder als eine \u201efreie und selbstbestimmte Zeit\u201c zu gestalten. Das Wort Arbeitsgemeinschaft beinhaltet das Wort ARBEITEN \u2013 genau dies soll aber im Nachmittag der ALGS nicht verwendet werden. Die Kinder [&hellip;]<\/p>\n","protected":false},"author":1,"featured_media":2091,"parent":0,"menu_order":0,"comment_status":"closed","ping_status":"closed","template":"","meta":{"footnotes":""},"class_list":["post-2724","page","type-page","status-publish","has-post-thumbnail","hentry"],"_links":{"self":[{"href":"https:\/\/www.astrid-lindgren-schule-koeln.de\/wordpress\/wp-json\/wp\/v2\/pages\/2724","targetHints":{"allow":["GET"]}}],"collection":[{"href":"https:\/\/www.astrid-lindgren-schule-koeln.de\/wordpress\/wp-json\/wp\/v2\/pages"}],"about":[{"href":"https:\/\/www.astrid-lindgren-schule-koeln.de\/wordpress\/wp-json\/wp\/v2\/types\/page"}],"author":[{"embeddable":true,"href":"https:\/\/www.astrid-lindgren-schule-koeln.de\/wordpress\/wp-json\/wp\/v2\/users\/1"}],"replies":[{"embeddable":true,"href":"https:\/\/www.astrid-lindgren-schule-koeln.de\/wordpress\/wp-json\/wp\/v2\/comments?post=2724"}],"version-history":[{"count":1,"href":"https:\/\/www.astrid-lindgren-schule-koeln.de\/wordpress\/wp-json\/wp\/v2\/pages\/2724\/revisions"}],"predecessor-version":[{"id":2725,"href":"https:\/\/www.astrid-lindgren-schule-koeln.de\/wordpress\/wp-json\/wp\/v2\/pages\/2724\/revisions\/2725"}],"wp:featuredmedia":[{"embeddable":true,"href":"https:\/\/www.astrid-lindgren-schule-koeln.de\/wordpress\/wp-json\/wp\/v2\/media\/2091"}],"wp:attachment":[{"href":"https:\/\/www.astrid-lindgren-schule-koeln.de\/wordpress\/wp-json\/wp\/v2\/media?parent=2724"}],"curies":[{"name":"wp","href":"https:\/\/api.w.org\/{rel}","templated":true}]}}

<p class="has-text-align-center has-large-font-size wp-block-paragraph"><strong>Lernzeit versus Hausaufgaben</strong></p>



<p class="wp-block-paragraph">Im Rahmen einer Zukunftswerkstatt entstand bei allen Mitarbeiter*innen der ALGS der Wunsch, den Nachmittag wieder im Sinne von Astrid Lindgren für die Kinder als eine „freie und selbstbestimmte Zeit“ zu gestalten. Das Wort Arbeitsgemeinschaft beinhaltet das Wort ARBEITEN – genau dies soll aber im Nachmittag der ALGS nicht verwendet werden. Die Kinder sollen in Clubs die Möglichkeit haben zu spielen, zu entdecken, ihren Interessen nachzugehen und sich frei zu entfalten (s. OGS-Konzept) – ganz im Sinne der Namensgeberin der Schule:</p>



<p class="wp-block-paragraph">„Und dann muss man ja auch noch Zeit haben, einfach dazusitzen und vor sich hinzuschauen“ bis hin zu „Lesen ist ein grenzenloses Abenteuer der Kindheit“.</p>



<p class="wp-block-paragraph">Die Konsequenz war (neben der Umbenennung der AG‘s) auch die Umgestaltung der Lernzeiten sowohl organisatorischer als auch inhaltlicher Art.</p>



<p class="wp-block-paragraph">Organisatorisch bedeutete dies, dass die Lernzeiten nicht mehr am Nachmittag, sondern in den Randstunden des Vormittags stattfinden, so dass in jeder Klasse vier Lernzeiten im direkten Anschluss an den Unterricht durchgeführt werden. In der SEP sind 30 Minuten und in den Stufen drei und vier 45 Minuten vorgesehen. Die Lehrkräfte, die in den Lernzeiten eingesetzt sind, fördern einzelne Kinder oder leistungshomogene Kleingruppen.</p>



<p class="wp-block-paragraph">Inhaltlich basieren die neugestalteten Lernzeiten auf dem Leitsatz:</p>



<p class="wp-block-paragraph">WER WEISS, WIE LERNEN GEHT, KANN SELBSTSTÄNDIG LERNEN</p>



<p class="wp-block-paragraph">Die Schüler*innen sollen je nach Kompetenzstand (Erde, Mond, Sonne s. Kompetenzraster im Anhang) eine Lernzeitaufgabe mit Hilfe (Erde), mit Unterstützung im Bedarfsfall (Mond) oder selbstständig (Sonne) in einem Fach / fächerübergreifend festlegen und ein konkretes Lernziel aus vorgegebenen Aufgaben (Erde), aus teilweise vorgegebenen Ausgaben (Mond) oder frei (Sonne) formulieren.</p>



<p class="wp-block-paragraph">Dabei überlegen sie in ihren Möglichkeiten, welche Lernschritte, welcher Lernort, welche Unterstützung, welche Materialien und wieviel Zeit benötigt wird, um die Lernzeitaufgabe erfolgreich zu bewältigen.</p>



<p class="wp-block-paragraph">Ziel ist dabei die Schule als einen Ort vom Lehren zum Lernen zu transformieren und die vier K´s (Kommunikation, kritisches Denken, Kreativität und Kollaboration) zu implementieren. Die Schüler*innen sollen durch das selbstständige und selbstregulierte Lernen für eine sich schnellwandelnde Zeit, eine digitale Zukunft und den Einfluss der künstlichen Intelligenz gestärkt werden.</p>



<p class="wp-block-paragraph">Weitere Gedanken zum srL</p>



<p class="wp-block-paragraph">Das in der Lernzeit erfolgreich eingeführte selbstregulierte Lernen sollte auch im Schulvormittag mehr Raum bekommen. Der erste Schritt ist die Einführung des neuen Lehrwerk „Matherad“ . Dies ist „ein Lehrwerk, das durch eine auf das eigene Lerntempo abgestimmte Bearbeitung, motivierende Elemente wie das Fortschrittposter und Aufgaben im eigenen Tempo das selbstregulierte Lernen fördert“ (Klett)</p>



<p class="wp-block-paragraph">Im Fach Deutsch soll über die Erstellung einer Lesestraße den Kindern die Möglichkeit gegeben werden, über die drei Lesezeiten hinaus, selbstreguliert oder mit Unterstützung einzelne Lesekompetenzen aufzubauen und / oder zu vertiefen.</p>



<p class="wp-block-paragraph">Durch das Raumkonzept wird den Schüler*innen die Möglichkeit gegeben, sich einen Lernort frei zu wählen. Flure werden zum selbstständigen Lernen genutzt. Vermehrt muss darauf geachtet werden, dass diese sich als Schleichlernort (leise Arbeitsatmosphäre) entwickeln.</p>



<p class="wp-block-paragraph">Weitere Ideen/Visionen zur Gestaltung des Lernzuhauses:</p>



<p class="wp-block-paragraph">Klassenräume = Inputräume mit Lernbändern bei KL in D und M parallel, um Lerngruppen und Räume zu öffnen<br>Nebenfächer in Projekten doppelstündig anbieten</p>



<p class="wp-block-paragraph">Gruppen- und Fachräume = Lernateliers mit Lernbegleiter*innen</p>



<p class="wp-block-paragraph">Treppenabsätze= Marktplatz zum Austausch</p>



<figure class="wp-block-table"><table class="has-fixed-layout"><tbody><tr><td>Material mit Selbstkontrolle Vom Tagesplan über Wochenplan zum offenen Plan<br></td><td>Bücher Ipads mit Taskcards Fachräder<br></td><td>Schüler*innen (Graduierung) Lerngruppe / Klasse Peergruppe im Lernen</td></tr><tr><td><strong>Lernzeiten</strong> Selbstregulierendes Lernen Besetzung Einbettung in Stundenplan</td><td><strong>Unterricht</strong> Input / Inhalte Räume<br></td><td><strong>Personen</strong> Pädagog*innen /MA (Rollenverständnis) Inputgeber Coach Begleiter*innen</td></tr><tr><td>Rückmeldung zu den selbstgesteckten Zielen</td><td>Gelingensnachweise (zeitlich und inhaltlich differenziert)</td><td>Eltern (Rückmeldungssysteme)</td></tr></tbody></table></figure>



<p class="wp-block-paragraph">Fortbildungsnotwendigkeiten:</p>



<p class="wp-block-paragraph">Fortbildung „Lerncoaching, Lernbegleiter*in und Inputgeber*in“</p>



<p class="wp-block-paragraph">Am Ende sollte eine Verbesserung der Lernergebnisse, der Lernatmosphäre und der intrinsischen Motivation zu beobachten sein.</p>



<p class="wp-block-paragraph"></p>

<p>Lernzeit versus Hausaufgaben Im Rahmen einer Zukunftswerkstatt entstand bei allen Mitarbeiter*innen der ALGS der Wunsch, den Nachmittag wieder im Sinne von Astrid Lindgren für die Kinder als eine „freie und selbstbestimmte Zeit“ zu gestalten. Das Wort Arbeitsgemeinschaft beinhaltet das Wort ARBEITEN – genau dies soll aber im Nachmittag der ALGS nicht verwendet werden. Die Kinder [&hellip;]</p>
