{"id":2722,"date":"2026-07-17T09:43:47","date_gmt":"2026-07-17T07:43:47","guid":{"rendered":"https:\/\/www.astrid-lindgren-schule-koeln.de\/wordpress\/?page_id=2722"},"modified":"2026-07-17T09:43:47","modified_gmt":"2026-07-17T07:43:47","slug":"vorbereitungsklassen","status":"publish","type":"page","link":"https:\/\/www.astrid-lindgren-schule-koeln.de\/wordpress\/vorbereitungsklassen\/","title":{"rendered":"Vorbereitungsklassen"},"content":{"rendered":"\n<p class=\"has-text-align-center has-large-font-size wp-block-paragraph\">Vorbereitungsklassen<\/p>\n\n\n\n<p class=\"wp-block-paragraph\"><strong>Konzept<\/strong><strong> f\u00fcr die Vorbereitungsklasse \/ Ma\u00dfnahmen der Schule zur Integration von Sch\u00fclerinnen und Sch\u00fclern mit Zuwanderungsgeschichte und Seiteneinsteigern- SE<\/strong><\/p>\n\n\n\n<p class=\"wp-block-paragraph\">An unserer Schule befinden sich eine Vielzahl von Kindern mit Zuwanderungsgeschichte, davon haben einige Kinder den sogenannten Seiteneinsteigerstatus. Das bedeutet, dass diese Kinder nicht in einer deutschen Schule eingeschult wurden und im Laufe eines Schuljahres in das Schulsystem aufgenommen werden. In diesem Fall wird das Kind mit einer kleinen Schult\u00fcte, der \u00dcbergabe des LOG-Buches und des individuellen Stundenplanes sowie einer bebilderten Materialliste willkommen gehei\u00dfen. Meist haben diese Sch\u00fcler*innen einen sehr geringen deutschen Wortschatz oder gar keine Deutschkenntnisse; teilweise sind sie gar nicht alphabetisiert.<\/p>\n\n\n\n<p class=\"wp-block-paragraph\">Grunds\u00e4tzlich ist jedes Kind der ALGS nach kurzer Zeit einem Klassenverband (Stammgruppe) zugeordnet. Die Zuordnung erfolgt in der Regel nach dem Alter; kann jedoch auch individuell angepasst werden. Eine erste Schulf\u00fchrung wird durch die Kinder der neuen Lerngruppe \u00fcbernommen. Innerhalb dieser Lerngruppen wird einmal w\u00f6chentlich DemeK (Deutschunterricht in mehrsprachigen Klassen) unterrichtet. Durch<\/p>\n\n\n\n<ul class=\"wp-block-list\">\n<li>die Artikelsensibilisierung, der Kategorisierung und Visualisierung der Wortarten,<\/li>\n\n\n\n<li>der Nutzung von Chunks (generatives Sprechen in den Sprachrunden) und<\/li>\n\n\n\n<li>dem Einsatz von Gedichten (generatives Schreiben nach poetischen Mustertexten)<\/li>\n<\/ul>\n\n\n\n<p class=\"wp-block-paragraph\">haben wir ein Konzept \u00fcbernommen, dass die Elemente Deutsch als Zweitsprache, Deutsch als Fremdsprache und Deutsch als Erstsprache im Regelunterricht verbindet (s. DemeK-Konzept der Bezirksregierung K\u00f6ln).<\/p>\n\n\n\n<p class=\"wp-block-paragraph\">Zus\u00e4tzlich findet f\u00fcr Kinder, die als Seiteneinsteiger gekommen sind, in 14 Wochenstunden eine zus\u00e4tzliche F\u00f6rderung in dem m\u00fcndlichen und schriftlichen Bereich innerhalb der Vorbereitungsklasse statt. Schwerpunkt ist hier die gezielte Erweiterung des m\u00fcndlichen Sprachgebrauchs und die Vermittlung der Laut- Buchstaben- Zuordnung durch kurze schriftliche \u00dcbungsformen.<\/p>\n\n\n\n<p class=\"wp-block-paragraph\">Der Schwerpunkt der Arbeit in der Vorbereitungsklasse liegt darauf, die Kinder f\u00fcr das Abh\u00f6ren deutscher W\u00f6rter zu sensibilisieren sowie ihnen eine \u00fcberschaubare Buchstabenkenntnis an die Hand zu geben, um sich auf einfache Art schriftlich auszudr\u00fccken. Dar\u00fcber hinaus wird systematisch der Grundwortschatz aufgebaut und einfache Redewendungen im Deutschen erlernt, um im Alltag zurecht zu kommen. Diese Arbeit soll im Klasseverband vertieft und die Kenntnisse gefestigt werden. Durch die regelm\u00e4\u00dfige Teilnahme an den Nebenf\u00e4chern Sport, Kunst und Musik sollen die Kinder innerhalb der Peergroup zus\u00e4tzlich die deutsche Sprache durch Handeln, H\u00f6ren und dem sozialen Miteinander erleben und erlernen. Das Material aus der Vorbereitungsklasse sowie zus\u00e4tzliches differenziertes Arbeitsmaterial stellt die Basis der individuellen F\u00f6rderung im Teamteaching innerhalb der Klasse dar.<\/p>\n\n\n\n<p class=\"wp-block-paragraph\">Ein Teamteaching ist unbedingt erforderlich und vermeidet Situationen, in denen die Kinder dem Unterricht in ihrer Stammgruppe durch ihre geringen Deutschkenntnisse noch nicht folgen k\u00f6nnen.<\/p>\n\n\n\n<p class=\"wp-block-paragraph\">Insgesamt profitieren alle teilnehmenden Sch\u00fclerinnen und Sch\u00fcler durch das reduzierte, \u00fcbersichtliche Material, aber auch durch den Wechsel von F\u00f6rderung im Klassenverband und in der Kleingruppe sehr voneinander. Den meisten gelingt es in kurzer Zeit, einen Basiswortschatz aufzubauen, der ihnen im Alltag Sicherheit gibt und eine gute Grundlage f\u00fcr alle Lernsituationen bietet.<\/p>\n\n\n\n<p class=\"wp-block-paragraph\">Grundlage des Konzeptes ist der Runderlass des Ministeriums f\u00fcr Schule und Bildung vom 6. Dezember 2023:<\/p>\n\n\n\n<p class=\"wp-block-paragraph\">\u201eZiel der Deutschf\u00f6rderung ist das Erreichen des Sprachniveaus B1, orientiert am Gemeinsamen Europ\u00e4ischen Referenzrahmen f\u00fcr Sprachen (GeR). Sch\u00fclerinnen und Sch\u00fcler, die dieses Sprachniveau erreichen, verf\u00fcgen \u00fcber hinreichende Deutschkenntnisse.\u201c<\/p>\n\n\n\n<p class=\"wp-block-paragraph\">Sch\u00fclerinnen und Sch\u00fcler, die \u00fcber keine grundlegenden Kenntnisse im Lesen und Schreiben verf\u00fcgen oder nicht im lateinischen Schriftsystem alphabetisiert sind oder keine oder nur eine geringe schulische Vorbildung mitbringen, k\u00f6nnen zun\u00e4chst bis zu einem Jahr eine Lerngruppe zur Erstalphabetisierung besuchen.<\/p>\n\n\n\n<p class=\"wp-block-paragraph\">Der Erstalphabetisierung schlie\u00dft sich die weitere Deutschf\u00f6rderung an. Dies erfolgt in der Regel nach sp\u00e4testens einem Jahr oder sobald die Sch\u00fclerin oder der Sch\u00fcler die Anforderungen des Sprachniveaus A1 des GeR erreicht hat und das deutsche Schriftsystem&nbsp; sowie Grundkompetenzen in der deutschen Sprache erworben sind.<\/p>\n\n\n\n<p class=\"wp-block-paragraph\">Bis zur Zuordnung zu einem Bildungsgang soll in der Regel ein Zeitraum von zwei Jahren dann nicht \u00fcberschritten werden, wenn hinreichend Deutschkenntnisse auf dem Sprachniveau B1 des GeR erreicht werden konnten.<\/p>\n\n\n\n<p class=\"wp-block-paragraph\">(\u2026) Die Zuordnung zu einem Bildungsgang soll eine m\u00f6glichst endg\u00fcltige Entscheidung sein, um belastende Wechsel der Schule, der Schulform oder des Bildungsgangs zu vermeiden. Die Entscheidung trifft die Klassenkonferenz unter Hinzuziehung der Lehrkr\u00e4fte, die die individuelle Deutschf\u00f6rderung durchf\u00fchren oder sie ergeht gemeinschaftlich durch die Lehrkr\u00e4fte, die die neu zugewanderten Sch\u00fclerinnen und Sch\u00fcler unterrichten sowie das p\u00e4dagogische und sozialp\u00e4dagogische Personal. Eine Zuordnung ist jeweils zu Beginn des Schuljahres anzustreben, in Klasse 4 der Grundschule m\u00f6glichst bis zum Ende des ersten Schulhalbjahres.<\/p>\n\n\n\n<p class=\"wp-block-paragraph\">F\u00fcr Sch\u00fclerinnen und Sch\u00fcler, f\u00fcr die am Ende des vierten Schuljahres ein Wechsel von der Grundschule in eine Schulform der Sekundarstufe I ansteht, soll eine Zuordnung zum Bildungsgang der Grundschule bis sp\u00e4testens zum Ende des ersten Schulhalbjahres erfolgen. Sch\u00fclerinnen und Sch\u00fcler erhalten damit zum Schulhalbjahr ein Zeugnis mit einer begr\u00fcndeten Schulformempfehlung. Ein Lernstandsbericht kann dem Zeugnis beigef\u00fcgt werden. Gegebenenfalls nicht bewertbare F\u00e4cher werden als \u201enicht bewertbar\u201c auf dem Zeugnis ausgewiesen. Kann zum ersten Schulhalbjahr der Klasse 4 mangels einer Zuordnung zum Bildungsgang der Grundschule keine begr\u00fcndete Schulformempfehlung erstellt und kein Zeugnis erteilt werden, wird die Deutschf\u00f6rderung im nachfolgenden Schuljahr l\u00e4ngstens bis zur Vollendung des 12. Lebensjahres in der Grundschule oder an der weiterf\u00fchrenden Schule fortgesetzt.<\/p>\n\n\n\n<p class=\"wp-block-paragraph\"><\/p>\n","protected":false},"excerpt":{"rendered":"<p>Vorbereitungsklassen Konzept f\u00fcr die Vorbereitungsklasse \/ Ma\u00dfnahmen der Schule zur Integration von Sch\u00fclerinnen und Sch\u00fclern mit Zuwanderungsgeschichte und Seiteneinsteigern- SE An unserer Schule befinden sich eine Vielzahl von Kindern mit Zuwanderungsgeschichte, davon haben einige Kinder den sogenannten Seiteneinsteigerstatus. Das bedeutet, dass diese Kinder nicht in einer deutschen Schule eingeschult wurden und im Laufe eines Schuljahres [&hellip;]<\/p>\n","protected":false},"author":1,"featured_media":2091,"parent":0,"menu_order":0,"comment_status":"closed","ping_status":"closed","template":"","meta":{"footnotes":""},"class_list":["post-2722","page","type-page","status-publish","has-post-thumbnail","hentry"],"_links":{"self":[{"href":"https:\/\/www.astrid-lindgren-schule-koeln.de\/wordpress\/wp-json\/wp\/v2\/pages\/2722","targetHints":{"allow":["GET"]}}],"collection":[{"href":"https:\/\/www.astrid-lindgren-schule-koeln.de\/wordpress\/wp-json\/wp\/v2\/pages"}],"about":[{"href":"https:\/\/www.astrid-lindgren-schule-koeln.de\/wordpress\/wp-json\/wp\/v2\/types\/page"}],"author":[{"embeddable":true,"href":"https:\/\/www.astrid-lindgren-schule-koeln.de\/wordpress\/wp-json\/wp\/v2\/users\/1"}],"replies":[{"embeddable":true,"href":"https:\/\/www.astrid-lindgren-schule-koeln.de\/wordpress\/wp-json\/wp\/v2\/comments?post=2722"}],"version-history":[{"count":1,"href":"https:\/\/www.astrid-lindgren-schule-koeln.de\/wordpress\/wp-json\/wp\/v2\/pages\/2722\/revisions"}],"predecessor-version":[{"id":2723,"href":"https:\/\/www.astrid-lindgren-schule-koeln.de\/wordpress\/wp-json\/wp\/v2\/pages\/2722\/revisions\/2723"}],"wp:featuredmedia":[{"embeddable":true,"href":"https:\/\/www.astrid-lindgren-schule-koeln.de\/wordpress\/wp-json\/wp\/v2\/media\/2091"}],"wp:attachment":[{"href":"https:\/\/www.astrid-lindgren-schule-koeln.de\/wordpress\/wp-json\/wp\/v2\/media?parent=2722"}],"curies":[{"name":"wp","href":"https:\/\/api.w.org\/{rel}","templated":true}]}}

<p class="has-text-align-center has-large-font-size wp-block-paragraph">Vorbereitungsklassen</p>



<p class="wp-block-paragraph"><strong>Konzept</strong><strong> für die Vorbereitungsklasse / Maßnahmen der Schule zur Integration von Schülerinnen und Schülern mit Zuwanderungsgeschichte und Seiteneinsteigern- SE</strong></p>



<p class="wp-block-paragraph">An unserer Schule befinden sich eine Vielzahl von Kindern mit Zuwanderungsgeschichte, davon haben einige Kinder den sogenannten Seiteneinsteigerstatus. Das bedeutet, dass diese Kinder nicht in einer deutschen Schule eingeschult wurden und im Laufe eines Schuljahres in das Schulsystem aufgenommen werden. In diesem Fall wird das Kind mit einer kleinen Schultüte, der Übergabe des LOG-Buches und des individuellen Stundenplanes sowie einer bebilderten Materialliste willkommen geheißen. Meist haben diese Schüler*innen einen sehr geringen deutschen Wortschatz oder gar keine Deutschkenntnisse; teilweise sind sie gar nicht alphabetisiert.</p>



<p class="wp-block-paragraph">Grundsätzlich ist jedes Kind der ALGS nach kurzer Zeit einem Klassenverband (Stammgruppe) zugeordnet. Die Zuordnung erfolgt in der Regel nach dem Alter; kann jedoch auch individuell angepasst werden. Eine erste Schulführung wird durch die Kinder der neuen Lerngruppe übernommen. Innerhalb dieser Lerngruppen wird einmal wöchentlich DemeK (Deutschunterricht in mehrsprachigen Klassen) unterrichtet. Durch</p>



<ul class="wp-block-list">
<li>die Artikelsensibilisierung, der Kategorisierung und Visualisierung der Wortarten,</li>



<li>der Nutzung von Chunks (generatives Sprechen in den Sprachrunden) und</li>



<li>dem Einsatz von Gedichten (generatives Schreiben nach poetischen Mustertexten)</li>
</ul>



<p class="wp-block-paragraph">haben wir ein Konzept übernommen, dass die Elemente Deutsch als Zweitsprache, Deutsch als Fremdsprache und Deutsch als Erstsprache im Regelunterricht verbindet (s. DemeK-Konzept der Bezirksregierung Köln).</p>



<p class="wp-block-paragraph">Zusätzlich findet für Kinder, die als Seiteneinsteiger gekommen sind, in 14 Wochenstunden eine zusätzliche Förderung in dem mündlichen und schriftlichen Bereich innerhalb der Vorbereitungsklasse statt. Schwerpunkt ist hier die gezielte Erweiterung des mündlichen Sprachgebrauchs und die Vermittlung der Laut- Buchstaben- Zuordnung durch kurze schriftliche Übungsformen.</p>



<p class="wp-block-paragraph">Der Schwerpunkt der Arbeit in der Vorbereitungsklasse liegt darauf, die Kinder für das Abhören deutscher Wörter zu sensibilisieren sowie ihnen eine überschaubare Buchstabenkenntnis an die Hand zu geben, um sich auf einfache Art schriftlich auszudrücken. Darüber hinaus wird systematisch der Grundwortschatz aufgebaut und einfache Redewendungen im Deutschen erlernt, um im Alltag zurecht zu kommen. Diese Arbeit soll im Klasseverband vertieft und die Kenntnisse gefestigt werden. Durch die regelmäßige Teilnahme an den Nebenfächern Sport, Kunst und Musik sollen die Kinder innerhalb der Peergroup zusätzlich die deutsche Sprache durch Handeln, Hören und dem sozialen Miteinander erleben und erlernen. Das Material aus der Vorbereitungsklasse sowie zusätzliches differenziertes Arbeitsmaterial stellt die Basis der individuellen Förderung im Teamteaching innerhalb der Klasse dar.</p>



<p class="wp-block-paragraph">Ein Teamteaching ist unbedingt erforderlich und vermeidet Situationen, in denen die Kinder dem Unterricht in ihrer Stammgruppe durch ihre geringen Deutschkenntnisse noch nicht folgen können.</p>



<p class="wp-block-paragraph">Insgesamt profitieren alle teilnehmenden Schülerinnen und Schüler durch das reduzierte, übersichtliche Material, aber auch durch den Wechsel von Förderung im Klassenverband und in der Kleingruppe sehr voneinander. Den meisten gelingt es in kurzer Zeit, einen Basiswortschatz aufzubauen, der ihnen im Alltag Sicherheit gibt und eine gute Grundlage für alle Lernsituationen bietet.</p>



<p class="wp-block-paragraph">Grundlage des Konzeptes ist der Runderlass des Ministeriums für Schule und Bildung vom 6. Dezember 2023:</p>



<p class="wp-block-paragraph">„Ziel der Deutschförderung ist das Erreichen des Sprachniveaus B1, orientiert am Gemeinsamen Europäischen Referenzrahmen für Sprachen (GeR). Schülerinnen und Schüler, die dieses Sprachniveau erreichen, verfügen über hinreichende Deutschkenntnisse.“</p>



<p class="wp-block-paragraph">Schülerinnen und Schüler, die über keine grundlegenden Kenntnisse im Lesen und Schreiben verfügen oder nicht im lateinischen Schriftsystem alphabetisiert sind oder keine oder nur eine geringe schulische Vorbildung mitbringen, können zunächst bis zu einem Jahr eine Lerngruppe zur Erstalphabetisierung besuchen.</p>



<p class="wp-block-paragraph">Der Erstalphabetisierung schließt sich die weitere Deutschförderung an. Dies erfolgt in der Regel nach spätestens einem Jahr oder sobald die Schülerin oder der Schüler die Anforderungen des Sprachniveaus A1 des GeR erreicht hat und das deutsche Schriftsystem&nbsp; sowie Grundkompetenzen in der deutschen Sprache erworben sind.</p>



<p class="wp-block-paragraph">Bis zur Zuordnung zu einem Bildungsgang soll in der Regel ein Zeitraum von zwei Jahren dann nicht überschritten werden, wenn hinreichend Deutschkenntnisse auf dem Sprachniveau B1 des GeR erreicht werden konnten.</p>



<p class="wp-block-paragraph">(…) Die Zuordnung zu einem Bildungsgang soll eine möglichst endgültige Entscheidung sein, um belastende Wechsel der Schule, der Schulform oder des Bildungsgangs zu vermeiden. Die Entscheidung trifft die Klassenkonferenz unter Hinzuziehung der Lehrkräfte, die die individuelle Deutschförderung durchführen oder sie ergeht gemeinschaftlich durch die Lehrkräfte, die die neu zugewanderten Schülerinnen und Schüler unterrichten sowie das pädagogische und sozialpädagogische Personal. Eine Zuordnung ist jeweils zu Beginn des Schuljahres anzustreben, in Klasse 4 der Grundschule möglichst bis zum Ende des ersten Schulhalbjahres.</p>



<p class="wp-block-paragraph">Für Schülerinnen und Schüler, für die am Ende des vierten Schuljahres ein Wechsel von der Grundschule in eine Schulform der Sekundarstufe I ansteht, soll eine Zuordnung zum Bildungsgang der Grundschule bis spätestens zum Ende des ersten Schulhalbjahres erfolgen. Schülerinnen und Schüler erhalten damit zum Schulhalbjahr ein Zeugnis mit einer begründeten Schulformempfehlung. Ein Lernstandsbericht kann dem Zeugnis beigefügt werden. Gegebenenfalls nicht bewertbare Fächer werden als „nicht bewertbar“ auf dem Zeugnis ausgewiesen. Kann zum ersten Schulhalbjahr der Klasse 4 mangels einer Zuordnung zum Bildungsgang der Grundschule keine begründete Schulformempfehlung erstellt und kein Zeugnis erteilt werden, wird die Deutschförderung im nachfolgenden Schuljahr längstens bis zur Vollendung des 12. Lebensjahres in der Grundschule oder an der weiterführenden Schule fortgesetzt.</p>



<p class="wp-block-paragraph"></p>

<p>Vorbereitungsklassen Konzept für die Vorbereitungsklasse / Maßnahmen der Schule zur Integration von Schülerinnen und Schülern mit Zuwanderungsgeschichte und Seiteneinsteigern- SE An unserer Schule befinden sich eine Vielzahl von Kindern mit Zuwanderungsgeschichte, davon haben einige Kinder den sogenannten Seiteneinsteigerstatus. Das bedeutet, dass diese Kinder nicht in einer deutschen Schule eingeschult wurden und im Laufe eines Schuljahres [&hellip;]</p>
