{"id":2691,"date":"2026-07-17T08:40:51","date_gmt":"2026-07-17T06:40:51","guid":{"rendered":"https:\/\/www.astrid-lindgren-schule-koeln.de\/wordpress\/?page_id=2691"},"modified":"2026-07-17T08:42:21","modified_gmt":"2026-07-17T06:42:21","slug":"ein-ganz-normaler-tag-rahmenbedingungen","status":"publish","type":"page","link":"https:\/\/www.astrid-lindgren-schule-koeln.de\/wordpress\/ein-ganz-normaler-tag-rahmenbedingungen\/","title":{"rendered":"Ein ganz normaler Tag (Rahmenbedingungen)"},"content":{"rendered":"\n<p class=\"has-text-align-center has-large-font-size wp-block-paragraph\"><br><strong>Ein ganz normaler Tag (Rahmenbedingungen)<\/strong><\/p>\n\n\n\n<p class=\"wp-block-paragraph\">Der Tag an der Astrid Lindgren Schule startet um 7.45 Uhr mit dem zweigeteilten offenen Anfang. Alle ankommenden Sch\u00fcler*innen werden durch die Sl, KR und \/ oder SSA morgens begr\u00fc\u00dft. Die Sch\u00fcler*innen k\u00f6nnen bis 7.55 Uhr auf dem Schulhof spielen. Ab 7.55 Uhr sind die Klassenr\u00e4ume ge\u00f6ffnet und die Kinder k\u00f6nnen bis 8.05 Uhr ankommen. Die ersten beiden Stunden enden um 9.35 und es folgt eine Fr\u00fchst\u00fcckspause im Klassenraum. Die Hofpause wird ab 9.40 Uhr beaufsichtigt. Um 10.00 Uhr startet die dritte Stunde. Die vierte Stunde endet um 11.30 Uhr. Nach einer viertelst\u00fcndigen Hofpause beginnt um 11.45 Uhr die f\u00fcnfte Stunde. Die sechste Stunde endet um 13.15 Uhr.<\/p>\n\n\n\n<p class=\"wp-block-paragraph\">Die OGS-R\u00e4ume befinden sich im Erdgeschoss. Die Stufe 2 und die Stufe 4 sind in der ersten Etage (2a -A 109, 2b -A 111, 4a -A 110, 4 b -A 109). In A 112 und A 113 befinden sich das Lern- und das Sprachlabor. Die Stufe 1 und die Stufe 4 befinden sich in der zweiten Etage (3a -A 211, 3b -A 209, 1a -A 201, 1b \u2013 A 211); Im T\u00fcrmchen befinden sich zwei Fachr\u00e4ume, die multifunktional genutzt werden. A 311 beherbergt die Vorbereitungsklasse sowie im Nachmittag den HSU-T\u00fcrkisch. In A 312 findet der Musik- und Religionsunterricht statt. (s. Raumkonzept)<\/p>\n\n\n\n<p class=\"wp-block-paragraph\">An allen Klassenr\u00e4umen befindet sich die Namen der Stufenteammitglieder. Die Fach- und Gruppenr\u00e4ume sind ebenfalls mit Namen beschriftet.<\/p>\n\n\n\n<p class=\"wp-block-paragraph\">Folgende Lehrmittel werden eingesetzt:<\/p>\n\n\n\n<p class=\"wp-block-paragraph\">Deutsch: Tinto \/ im Bildungsgang Lernen Intra Act sowie Klick<\/p>\n\n\n\n<p class=\"wp-block-paragraph\">Mathematik: seit Sommer 25 in SEP startend Matherad \/ auslaufend Denken und Rechnen \/ im Bildungsgang Lernen additiv Klick<\/p>\n\n\n\n<p class=\"wp-block-paragraph\">Es gibt keine Schulklingel. Das Ende der Hofzeit (7.55 Uhr, 10.00 Uhr und 11.45 Uhr) wird durch eine Schulglocke eingel\u00e4utet. Zwei Kinder holen sich die Schulglocke und l\u00e4uten sie auf dem Schulhof.<\/p>\n\n\n\n<p class=\"wp-block-paragraph\">Montags ist w\u00e4hrend der Hofpause Discopause. An allen Tagen ist die Spieleausleihe ge\u00f6ffnet. Die Pl\u00e4ne f\u00fcr die Nutzung des Fu\u00dfball- und Basketballfeldes h\u00e4ngen an der Hoft\u00fcr aus und werden in dem Orga-Club erstellt und erneuert.<\/p>\n\n\n\n<p class=\"wp-block-paragraph\">An verschiedenen Tagen ist die Schulb\u00fccherei w\u00e4hrend der Pause ge\u00f6ffnet. Dienstags wird in der dritten und vierten Stunde von einer Ehrenamtlerin vorgelesen (s. Lesekonzept).<\/p>\n\n\n\n<div class=\"wp-block-columns is-layout-flex wp-container-core-columns-is-layout-3a88641f wp-block-columns-is-layout-flex\">\n<div class=\"wp-block-column is-layout-flow wp-block-column-is-layout-flow\" style=\"border-style:none;border-width:0px\">\n<p class=\"wp-block-paragraph\">Dreimal w\u00f6chentlich l\u00e4uft der Schulhund Balu mit der Klassenlehrerin der Klasse 3a mit.<\/p>\n\n\n\n<p class=\"wp-block-paragraph\">Balu ist ein R\u00fcde, der bei uns in der Schule und insbesondere in der Grash\u00fcpferklasse als <strong>Schulhund<\/strong> eingesetzt wird.<\/p>\n<\/div>\n\n\n\n<div class=\"wp-block-column is-layout-flow wp-block-column-is-layout-flow\" style=\"border-style:none;border-width:0px\">\n<figure class=\"wp-block-image size-full\"><img loading=\"lazy\" decoding=\"async\" width=\"562\" height=\"433\" src=\"https:\/\/www.astrid-lindgren-schule-koeln.de\/wordpress\/wp-content\/uploads\/2026\/07\/schulhund.jpg\" alt=\"\" class=\"wp-image-2692\" srcset=\"https:\/\/www.astrid-lindgren-schule-koeln.de\/wordpress\/wp-content\/uploads\/2026\/07\/schulhund.jpg 562w, https:\/\/www.astrid-lindgren-schule-koeln.de\/wordpress\/wp-content\/uploads\/2026\/07\/schulhund-300x231.jpg 300w\" sizes=\"auto, (max-width: 562px) 100vw, 562px\" \/><\/figure>\n<\/div>\n<\/div>\n\n\n\n<p class=\"wp-block-paragraph\">Nach einer absolvierter und abgeschlossener <strong>Schulhund-Ausbildung<\/strong> geh\u00f6rt Balu zum Lern- und Bildungsprogramm unserer Schule und arbeitet drei Tage die Woche (montags, mittwochs und freitags) aktiv im Unterricht mit. Auch in der Schulb\u00fccherei ist Balu eingesetzt. In zwei Pausen l\u00e4sst er sich von Kindern etwas vorlesen.<\/p>\n\n\n\n<p class=\"wp-block-paragraph\">Wir m\u00f6chten ausdr\u00fccklich betonen, dass kein Kind zur Kontaktaufnahme mit Balu gezwungen wird. Die Sch\u00fcler*innen entscheiden selbstst\u00e4ndig, inwieweit sie sich ihm n\u00e4hern m\u00f6chten.<\/p>\n\n\n\n<p class=\"wp-block-paragraph\">Die Kinder der ersten Etage k\u00f6nnen w\u00e4hrend des Unterrichtes die Hoftoiletten nutzen. Den Kindern aus der zweiten Etage und dem T\u00fcrmchen stehen die Toiletten auf der zweiten Etage zur Verf\u00fcgung.<\/p>\n\n\n\n<p class=\"wp-block-paragraph\">Sportbeutel sowie Jacken werden an dem personalisierten Kleiderhaken an der Garderobe im Flur aufgehangen.<\/p>\n\n\n\n<p class=\"wp-block-paragraph\">Im Geb\u00e4ude und auf dem Schulgel\u00e4nde ist die private Nutzung eines Handys untersagt (s. Handyschutzverordnung). Besucher, die nicht zur Schulgemeinde geh\u00f6ren, m\u00fcssen sich anmelden und erhalten einen Besucherausweis (s. KsK).<\/p>\n\n\n\n<p class=\"wp-block-paragraph\">Die Kinder werden beim Lernortwechsel in die Turn- und Gymnastikhalle sowie zum Schwimmen von mindestens zwei Lehrkr\u00e4ften\/Mitarbeiter*innen begleitet. Dies gilt auch f\u00fcr den Weg zum Kinderrestaurant. Beide Geb\u00e4ude sind \u00fcber den Gehweg<\/p>\n\n\n\n<p class=\"wp-block-paragraph\">entlang der Borsigstra\u00dfe zu erreichen. Das Schwimmbad ist ebenfalls fu\u00dfl\u00e4ufig erreichbar. Der Gehweg betr\u00e4gt circa 15 Minuten.<\/p>\n","protected":false},"excerpt":{"rendered":"<p>Ein ganz normaler Tag (Rahmenbedingungen) Der Tag an der Astrid Lindgren Schule startet um 7.45 Uhr mit dem zweigeteilten offenen Anfang. Alle ankommenden Sch\u00fcler*innen werden durch die Sl, KR und \/ oder SSA morgens begr\u00fc\u00dft. Die Sch\u00fcler*innen k\u00f6nnen bis 7.55 Uhr auf dem Schulhof spielen. Ab 7.55 Uhr sind die Klassenr\u00e4ume ge\u00f6ffnet und die Kinder [&hellip;]<\/p>\n","protected":false},"author":1,"featured_media":2091,"parent":0,"menu_order":0,"comment_status":"closed","ping_status":"closed","template":"","meta":{"footnotes":""},"class_list":["post-2691","page","type-page","status-publish","has-post-thumbnail","hentry"],"_links":{"self":[{"href":"https:\/\/www.astrid-lindgren-schule-koeln.de\/wordpress\/wp-json\/wp\/v2\/pages\/2691","targetHints":{"allow":["GET"]}}],"collection":[{"href":"https:\/\/www.astrid-lindgren-schule-koeln.de\/wordpress\/wp-json\/wp\/v2\/pages"}],"about":[{"href":"https:\/\/www.astrid-lindgren-schule-koeln.de\/wordpress\/wp-json\/wp\/v2\/types\/page"}],"author":[{"embeddable":true,"href":"https:\/\/www.astrid-lindgren-schule-koeln.de\/wordpress\/wp-json\/wp\/v2\/users\/1"}],"replies":[{"embeddable":true,"href":"https:\/\/www.astrid-lindgren-schule-koeln.de\/wordpress\/wp-json\/wp\/v2\/comments?post=2691"}],"version-history":[{"count":2,"href":"https:\/\/www.astrid-lindgren-schule-koeln.de\/wordpress\/wp-json\/wp\/v2\/pages\/2691\/revisions"}],"predecessor-version":[{"id":2694,"href":"https:\/\/www.astrid-lindgren-schule-koeln.de\/wordpress\/wp-json\/wp\/v2\/pages\/2691\/revisions\/2694"}],"wp:featuredmedia":[{"embeddable":true,"href":"https:\/\/www.astrid-lindgren-schule-koeln.de\/wordpress\/wp-json\/wp\/v2\/media\/2091"}],"wp:attachment":[{"href":"https:\/\/www.astrid-lindgren-schule-koeln.de\/wordpress\/wp-json\/wp\/v2\/media?parent=2691"}],"curies":[{"name":"wp","href":"https:\/\/api.w.org\/{rel}","templated":true}]}}

<p class="has-text-align-center has-large-font-size wp-block-paragraph"><br><strong>Ein ganz normaler Tag (Rahmenbedingungen)</strong></p>



<p class="wp-block-paragraph">Der Tag an der Astrid Lindgren Schule startet um 7.45 Uhr mit dem zweigeteilten offenen Anfang. Alle ankommenden Schüler*innen werden durch die Sl, KR und / oder SSA morgens begrüßt. Die Schüler*innen können bis 7.55 Uhr auf dem Schulhof spielen. Ab 7.55 Uhr sind die Klassenräume geöffnet und die Kinder können bis 8.05 Uhr ankommen. Die ersten beiden Stunden enden um 9.35 und es folgt eine Frühstückspause im Klassenraum. Die Hofpause wird ab 9.40 Uhr beaufsichtigt. Um 10.00 Uhr startet die dritte Stunde. Die vierte Stunde endet um 11.30 Uhr. Nach einer viertelstündigen Hofpause beginnt um 11.45 Uhr die fünfte Stunde. Die sechste Stunde endet um 13.15 Uhr.</p>



<p class="wp-block-paragraph">Die OGS-Räume befinden sich im Erdgeschoss. Die Stufe 2 und die Stufe 4 sind in der ersten Etage (2a -A 109, 2b -A 111, 4a -A 110, 4 b -A 109). In A 112 und A 113 befinden sich das Lern- und das Sprachlabor. Die Stufe 1 und die Stufe 4 befinden sich in der zweiten Etage (3a -A 211, 3b -A 209, 1a -A 201, 1b – A 211); Im Türmchen befinden sich zwei Fachräume, die multifunktional genutzt werden. A 311 beherbergt die Vorbereitungsklasse sowie im Nachmittag den HSU-Türkisch. In A 312 findet der Musik- und Religionsunterricht statt. (s. Raumkonzept)</p>



<p class="wp-block-paragraph">An allen Klassenräumen befindet sich die Namen der Stufenteammitglieder. Die Fach- und Gruppenräume sind ebenfalls mit Namen beschriftet.</p>



<p class="wp-block-paragraph">Folgende Lehrmittel werden eingesetzt:</p>



<p class="wp-block-paragraph">Deutsch: Tinto / im Bildungsgang Lernen Intra Act sowie Klick</p>



<p class="wp-block-paragraph">Mathematik: seit Sommer 25 in SEP startend Matherad / auslaufend Denken und Rechnen / im Bildungsgang Lernen additiv Klick</p>



<p class="wp-block-paragraph">Es gibt keine Schulklingel. Das Ende der Hofzeit (7.55 Uhr, 10.00 Uhr und 11.45 Uhr) wird durch eine Schulglocke eingeläutet. Zwei Kinder holen sich die Schulglocke und läuten sie auf dem Schulhof.</p>



<p class="wp-block-paragraph">Montags ist während der Hofpause Discopause. An allen Tagen ist die Spieleausleihe geöffnet. Die Pläne für die Nutzung des Fußball- und Basketballfeldes hängen an der Hoftür aus und werden in dem Orga-Club erstellt und erneuert.</p>



<p class="wp-block-paragraph">An verschiedenen Tagen ist die Schulbücherei während der Pause geöffnet. Dienstags wird in der dritten und vierten Stunde von einer Ehrenamtlerin vorgelesen (s. Lesekonzept).</p>



<div class="wp-block-columns is-layout-flex wp-container-core-columns-is-layout-3a88641f wp-block-columns-is-layout-flex">
<div class="wp-block-column is-layout-flow wp-block-column-is-layout-flow" style="border-style:none;border-width:0px">
<p class="wp-block-paragraph">Dreimal wöchentlich läuft der Schulhund Balu mit der Klassenlehrerin der Klasse 3a mit.</p>



<p class="wp-block-paragraph">Balu ist ein Rüde, der bei uns in der Schule und insbesondere in der Grashüpferklasse als <strong>Schulhund</strong> eingesetzt wird.</p>
</div>



<div class="wp-block-column is-layout-flow wp-block-column-is-layout-flow" style="border-style:none;border-width:0px">
<figure class="wp-block-image size-full"><img loading="lazy" decoding="async" width="562" height="433" src="https://www.astrid-lindgren-schule-koeln.de/wordpress/wp-content/uploads/2026/07/schulhund.jpg" alt="" class="wp-image-2692" srcset="https://www.astrid-lindgren-schule-koeln.de/wordpress/wp-content/uploads/2026/07/schulhund.jpg 562w, https://www.astrid-lindgren-schule-koeln.de/wordpress/wp-content/uploads/2026/07/schulhund-300x231.jpg 300w" sizes="auto, (max-width: 562px) 100vw, 562px" /></figure>
</div>
</div>



<p class="wp-block-paragraph">Nach einer absolvierter und abgeschlossener <strong>Schulhund-Ausbildung</strong> gehört Balu zum Lern- und Bildungsprogramm unserer Schule und arbeitet drei Tage die Woche (montags, mittwochs und freitags) aktiv im Unterricht mit. Auch in der Schulbücherei ist Balu eingesetzt. In zwei Pausen lässt er sich von Kindern etwas vorlesen.</p>



<p class="wp-block-paragraph">Wir möchten ausdrücklich betonen, dass kein Kind zur Kontaktaufnahme mit Balu gezwungen wird. Die Schüler*innen entscheiden selbstständig, inwieweit sie sich ihm nähern möchten.</p>



<p class="wp-block-paragraph">Die Kinder der ersten Etage können während des Unterrichtes die Hoftoiletten nutzen. Den Kindern aus der zweiten Etage und dem Türmchen stehen die Toiletten auf der zweiten Etage zur Verfügung.</p>



<p class="wp-block-paragraph">Sportbeutel sowie Jacken werden an dem personalisierten Kleiderhaken an der Garderobe im Flur aufgehangen.</p>



<p class="wp-block-paragraph">Im Gebäude und auf dem Schulgelände ist die private Nutzung eines Handys untersagt (s. Handyschutzverordnung). Besucher, die nicht zur Schulgemeinde gehören, müssen sich anmelden und erhalten einen Besucherausweis (s. KsK).</p>



<p class="wp-block-paragraph">Die Kinder werden beim Lernortwechsel in die Turn- und Gymnastikhalle sowie zum Schwimmen von mindestens zwei Lehrkräften/Mitarbeiter*innen begleitet. Dies gilt auch für den Weg zum Kinderrestaurant. Beide Gebäude sind über den Gehweg</p>



<p class="wp-block-paragraph">entlang der Borsigstraße zu erreichen. Das Schwimmbad ist ebenfalls fußläufig erreichbar. Der Gehweg beträgt circa 15 Minuten.</p>

<p>Ein ganz normaler Tag (Rahmenbedingungen) Der Tag an der Astrid Lindgren Schule startet um 7.45 Uhr mit dem zweigeteilten offenen Anfang. Alle ankommenden Schüler*innen werden durch die Sl, KR und / oder SSA morgens begrüßt. Die Schüler*innen können bis 7.55 Uhr auf dem Schulhof spielen. Ab 7.55 Uhr sind die Klassenräume geöffnet und die Kinder [&hellip;]</p>
