{"id":125,"date":"2024-03-02T10:02:40","date_gmt":"2024-03-02T09:02:40","guid":{"rendered":"https:\/\/www.astrid-lindgren-schule-koeln.de\/wordpress\/?page_id=125"},"modified":"2025-12-15T10:31:04","modified_gmt":"2025-12-15T09:31:04","slug":"mittagessen","status":"publish","type":"page","link":"https:\/\/www.astrid-lindgren-schule-koeln.de\/wordpress\/mittagessen\/","title":{"rendered":"Offener Ganztag->Mittagessen"},"content":{"rendered":"\n<h2 class=\"wp-block-heading has-text-align-center\" style=\"margin-top:var(--wp--preset--spacing--30);margin-bottom:var(--wp--preset--spacing--40)\">Offener Ganztag &#8211; Mittagessen<\/h2>\n\n\n\n<div class=\"wp-block-columns alignwide is-layout-flex wp-container-core-columns-is-layout-28f84493 wp-block-columns-is-layout-flex\">\n<div class=\"wp-block-column has-border-color has-accent-6-border-color is-layout-flow wp-block-column-is-layout-flow\" style=\"box-shadow:var(--wp--preset--shadow--natural)\">\n<p class=\"has-text-align-center\" style=\"padding-top:var(--wp--preset--spacing--10);padding-bottom:var(--wp--preset--spacing--10)\">Frau Rector<\/p>\n\n\n\n<figure class=\"wp-block-image aligncenter size-full is-style-rounded is-style-rounded--1\"><img loading=\"lazy\" decoding=\"async\" width=\"280\" height=\"400\" src=\"https:\/\/www.astrid-lindgren-schule-koeln.de\/wordpress\/wp-content\/uploads\/2024\/03\/b16.jpg\" alt=\"\" class=\"wp-image-545\" srcset=\"https:\/\/www.astrid-lindgren-schule-koeln.de\/wordpress\/wp-content\/uploads\/2024\/03\/b16.jpg 280w, https:\/\/www.astrid-lindgren-schule-koeln.de\/wordpress\/wp-content\/uploads\/2024\/03\/b16-210x300.jpg 210w\" sizes=\"auto, (max-width: 280px) 100vw, 280px\" \/><\/figure>\n\n\n\n<p class=\"has-text-align-center\" style=\"padding-top:var(--wp--preset--spacing--10);padding-bottom:var(--wp--preset--spacing--10)\">K\u00fcchenleitung<\/p>\n<\/div>\n\n\n\n<div class=\"wp-block-column has-border-color has-accent-7-border-color is-layout-flow wp-block-column-is-layout-flow\" style=\"box-shadow:var(--wp--preset--shadow--natural)\">\n<p class=\"has-text-align-center\" style=\"padding-top:var(--wp--preset--spacing--10);padding-bottom:var(--wp--preset--spacing--10)\">Frau Jafaridzedeh<\/p>\n\n\n\n<figure class=\"wp-block-image aligncenter size-full\"><img loading=\"lazy\" decoding=\"async\" width=\"279\" height=\"399\" src=\"https:\/\/www.astrid-lindgren-schule-koeln.de\/wordpress\/wp-content\/uploads\/2024\/03\/leer.jpg\" alt=\"\" class=\"wp-image-461\" srcset=\"https:\/\/www.astrid-lindgren-schule-koeln.de\/wordpress\/wp-content\/uploads\/2024\/03\/leer.jpg 279w, https:\/\/www.astrid-lindgren-schule-koeln.de\/wordpress\/wp-content\/uploads\/2024\/03\/leer-210x300.jpg 210w\" sizes=\"auto, (max-width: 279px) 100vw, 279px\" \/><\/figure>\n\n\n\n<p class=\"has-text-align-center\" style=\"padding-top:var(--wp--preset--spacing--10);padding-bottom:var(--wp--preset--spacing--10)\">K\u00fcchenhilfe<\/p>\n<\/div>\n\n\n\n<div class=\"wp-block-column has-border-color has-accent-6-border-color is-layout-flow wp-block-column-is-layout-flow\" style=\"box-shadow:var(--wp--preset--shadow--natural)\">\n<p class=\"has-text-align-center\" style=\"padding-top:var(--wp--preset--spacing--10);padding-bottom:var(--wp--preset--spacing--10)\">Frau Ali<\/p>\n\n\n\n<figure class=\"wp-block-image aligncenter size-full\"><img loading=\"lazy\" decoding=\"async\" width=\"280\" height=\"400\" src=\"https:\/\/www.astrid-lindgren-schule-koeln.de\/wordpress\/wp-content\/uploads\/2024\/03\/b21.jpg\" alt=\"\" class=\"wp-image-546\" srcset=\"https:\/\/www.astrid-lindgren-schule-koeln.de\/wordpress\/wp-content\/uploads\/2024\/03\/b21.jpg 280w, https:\/\/www.astrid-lindgren-schule-koeln.de\/wordpress\/wp-content\/uploads\/2024\/03\/b21-210x300.jpg 210w\" sizes=\"auto, (max-width: 280px) 100vw, 280px\" \/><\/figure>\n\n\n\n<p class=\"has-text-align-center\" style=\"padding-top:var(--wp--preset--spacing--10);padding-bottom:var(--wp--preset--spacing--10)\">K\u00fcchenhilfe<\/p>\n<\/div>\n<\/div>\n\n\n\n<div class=\"wp-block-columns alignwide is-layout-flex wp-container-core-columns-is-layout-28f84493 wp-block-columns-is-layout-flex\">\n<div class=\"wp-block-column is-layout-flow wp-block-column-is-layout-flow\" style=\"border-style:none;border-width:0px;padding-top:var(--wp--preset--spacing--30)\">\n<div class=\"wp-block-columns is-layout-flex wp-container-core-columns-is-layout-28f84493 wp-block-columns-is-layout-flex\">\n<div class=\"wp-block-column is-layout-flow wp-block-column-is-layout-flow\" style=\"border-style:none;border-width:0px;padding-bottom:var(--wp--preset--spacing--30);flex-basis:100%\">\n<p>Das Mittagessen findet bei uns zu drei Essenszeiten ( 12:30 Uhr \/ 13:15 Uhr) in die Mensa statt. Die Kinder essen weitestgehend im Klassenverband. Die kleinen Tischgruppen erm\u00f6glichen ein geselliges Mittagessen und entspannte Tischgespr\u00e4che.<\/p>\n\n\n\n<p>Unser K\u00fcchenteam legt gro\u00dfen Wert auf eine gesunde, ausgewogene Ern\u00e4hrung und kocht \u00fcberwiegend frisch f\u00fcr unsere Kinder. Jeden Tag bieten wir Rohkost oder leckere Salate zu den Gerichten an. Am Nachmittag gibt es zus\u00e4tzlich Obst f\u00fcr die Kinder.<\/p>\n\n\n\n<p>Wenn es unserem K\u00fcchenteam m\u00f6glich ist, ber\u00fccksichtigt es gerne auch die Essensw\u00fcnsche unserer Kinder.<\/p>\n\n\n\n<p>Grunds\u00e4tzlich verzichten wir auf Schweinefleisch und erm\u00f6glichen auch eine vegetarische Ern\u00e4hrung in der Schule.<\/p>\n\n\n\n<p>Unsere aktuellen Speisepl\u00e4ne, die f\u00fcr ein halbes Jahr gelten, k\u00f6nnen Sie zus\u00e4tzlich in unserem Schaukasten finden.<\/p>\n<\/div>\n<\/div>\n\n\n\n<figure class=\"wp-block-gallery has-nested-images columns-4 is-cropped wp-block-gallery-2 is-layout-flex wp-block-gallery-is-layout-flex\"><\/figure>\n<\/div>\n<\/div>\n\n\n\n<div data-wp-interactive=\"core\/file\" class=\"wp-block-file\"><object data-wp-bind--hidden=\"!state.hasPdfPreview\" hidden class=\"wp-block-file__embed\" data=\"https:\/\/www.astrid-lindgren-schule-koeln.de\/wordpress\/wp-content\/uploads\/2025\/12\/Speiseplan_1.pdf\" type=\"application\/pdf\" style=\"width:100%;height:600px\" aria-label=\"Einbettung von Speiseplan_1.\"><\/object><a id=\"wp-block-file--media-f29041bf-09b0-4a4e-9270-ef89696bdcbb\" href=\"https:\/\/www.astrid-lindgren-schule-koeln.de\/wordpress\/wp-content\/uploads\/2025\/12\/Speiseplan_1.pdf\">Speiseplan_1<\/a><a href=\"https:\/\/www.astrid-lindgren-schule-koeln.de\/wordpress\/wp-content\/uploads\/2025\/12\/Speiseplan_1.pdf\" class=\"wp-block-file__button wp-element-button\" download aria-describedby=\"wp-block-file--media-f29041bf-09b0-4a4e-9270-ef89696bdcbb\">Herunterladen<\/a><\/div>\n\n\n\n<div data-wp-interactive=\"core\/file\" class=\"wp-block-file\"><object data-wp-bind--hidden=\"!state.hasPdfPreview\" hidden class=\"wp-block-file__embed\" data=\"https:\/\/www.astrid-lindgren-schule-koeln.de\/wordpress\/wp-content\/uploads\/2025\/12\/Speiseplan_2.pdf\" type=\"application\/pdf\" style=\"width:100%;height:600px\" aria-label=\"Einbettung von Speiseplan_2.\"><\/object><a id=\"wp-block-file--media-d9de6f58-d840-4fd3-ab33-e829299608dc\" href=\"https:\/\/www.astrid-lindgren-schule-koeln.de\/wordpress\/wp-content\/uploads\/2025\/12\/Speiseplan_2.pdf\">Speiseplan_2<\/a><a href=\"https:\/\/www.astrid-lindgren-schule-koeln.de\/wordpress\/wp-content\/uploads\/2025\/12\/Speiseplan_2.pdf\" class=\"wp-block-file__button wp-element-button\" download aria-describedby=\"wp-block-file--media-d9de6f58-d840-4fd3-ab33-e829299608dc\">Herunterladen<\/a><\/div>\n\n\n\n<div data-wp-interactive=\"core\/file\" class=\"wp-block-file\"><object data-wp-bind--hidden=\"!state.hasPdfPreview\" hidden class=\"wp-block-file__embed\" data=\"https:\/\/www.astrid-lindgren-schule-koeln.de\/wordpress\/wp-content\/uploads\/2025\/12\/Speiseplan_3.pdf\" type=\"application\/pdf\" style=\"width:100%;height:600px\" aria-label=\"Einbettung von Speiseplan_3.\"><\/object><a id=\"wp-block-file--media-66004b88-a0a4-44a2-95bd-a95293a2093d\" href=\"https:\/\/www.astrid-lindgren-schule-koeln.de\/wordpress\/wp-content\/uploads\/2025\/12\/Speiseplan_3.pdf\">Speiseplan_3<\/a><a href=\"https:\/\/www.astrid-lindgren-schule-koeln.de\/wordpress\/wp-content\/uploads\/2025\/12\/Speiseplan_3.pdf\" class=\"wp-block-file__button wp-element-button\" download aria-describedby=\"wp-block-file--media-66004b88-a0a4-44a2-95bd-a95293a2093d\">Herunterladen<\/a><\/div>\n\n\n\n<div data-wp-interactive=\"core\/file\" class=\"wp-block-file\"><object data-wp-bind--hidden=\"!state.hasPdfPreview\" hidden class=\"wp-block-file__embed\" data=\"https:\/\/www.astrid-lindgren-schule-koeln.de\/wordpress\/wp-content\/uploads\/2025\/12\/Speiseplan_4.pdf\" type=\"application\/pdf\" style=\"width:100%;height:600px\" aria-label=\"Einbettung von Speiseplan_4.\"><\/object><a id=\"wp-block-file--media-60648a36-067d-4a8d-8878-3c20a90e773b\" href=\"https:\/\/www.astrid-lindgren-schule-koeln.de\/wordpress\/wp-content\/uploads\/2025\/12\/Speiseplan_4.pdf\">Speiseplan_4<\/a><a href=\"https:\/\/www.astrid-lindgren-schule-koeln.de\/wordpress\/wp-content\/uploads\/2025\/12\/Speiseplan_4.pdf\" class=\"wp-block-file__button wp-element-button\" download aria-describedby=\"wp-block-file--media-60648a36-067d-4a8d-8878-3c20a90e773b\">Herunterladen<\/a><\/div>\n","protected":false},"excerpt":{"rendered":"<p>Offener Ganztag &#8211; Mittagessen Frau Rector K\u00fcchenleitung Frau Jafaridzedeh K\u00fcchenhilfe Frau Ali K\u00fcchenhilfe Das Mittagessen findet bei uns zu drei Essenszeiten ( 12:30 Uhr \/ 13:15 Uhr) in die Mensa statt. Die Kinder essen weitestgehend im Klassenverband. Die kleinen Tischgruppen erm\u00f6glichen ein geselliges Mittagessen und entspannte Tischgespr\u00e4che. Unser K\u00fcchenteam legt gro\u00dfen Wert auf eine gesunde, [&hellip;]<\/p>\n","protected":false},"author":1,"featured_media":2091,"parent":0,"menu_order":0,"comment_status":"closed","ping_status":"closed","template":"","meta":{"footnotes":""},"class_list":["post-125","page","type-page","status-publish","has-post-thumbnail","hentry"],"_links":{"self":[{"href":"https:\/\/www.astrid-lindgren-schule-koeln.de\/wordpress\/wp-json\/wp\/v2\/pages\/125","targetHints":{"allow":["GET"]}}],"collection":[{"href":"https:\/\/www.astrid-lindgren-schule-koeln.de\/wordpress\/wp-json\/wp\/v2\/pages"}],"about":[{"href":"https:\/\/www.astrid-lindgren-schule-koeln.de\/wordpress\/wp-json\/wp\/v2\/types\/page"}],"author":[{"embeddable":true,"href":"https:\/\/www.astrid-lindgren-schule-koeln.de\/wordpress\/wp-json\/wp\/v2\/users\/1"}],"replies":[{"embeddable":true,"href":"https:\/\/www.astrid-lindgren-schule-koeln.de\/wordpress\/wp-json\/wp\/v2\/comments?post=125"}],"version-history":[{"count":14,"href":"https:\/\/www.astrid-lindgren-schule-koeln.de\/wordpress\/wp-json\/wp\/v2\/pages\/125\/revisions"}],"predecessor-version":[{"id":2528,"href":"https:\/\/www.astrid-lindgren-schule-koeln.de\/wordpress\/wp-json\/wp\/v2\/pages\/125\/revisions\/2528"}],"wp:featuredmedia":[{"embeddable":true,"href":"https:\/\/www.astrid-lindgren-schule-koeln.de\/wordpress\/wp-json\/wp\/v2\/media\/2091"}],"wp:attachment":[{"href":"https:\/\/www.astrid-lindgren-schule-koeln.de\/wordpress\/wp-json\/wp\/v2\/media?parent=125"}],"curies":[{"name":"wp","href":"https:\/\/api.w.org\/{rel}","templated":true}]}}

<h2 class="wp-block-heading has-text-align-center" style="margin-top:var(--wp--preset--spacing--30);margin-bottom:var(--wp--preset--spacing--40)">Offener Ganztag &#8211; Mittagessen</h2>



<div class="wp-block-columns alignwide is-layout-flex wp-container-core-columns-is-layout-28f84493 wp-block-columns-is-layout-flex">
<div class="wp-block-column has-border-color has-accent-6-border-color is-layout-flow wp-block-column-is-layout-flow" style="box-shadow:var(--wp--preset--shadow--natural)">
<p class="has-text-align-center" style="padding-top:var(--wp--preset--spacing--10);padding-bottom:var(--wp--preset--spacing--10)">Frau Rector</p>



<figure class="wp-block-image aligncenter size-full is-style-rounded is-style-rounded--1"><img loading="lazy" decoding="async" width="280" height="400" src="https://www.astrid-lindgren-schule-koeln.de/wordpress/wp-content/uploads/2024/03/b16.jpg" alt="" class="wp-image-545" srcset="https://www.astrid-lindgren-schule-koeln.de/wordpress/wp-content/uploads/2024/03/b16.jpg 280w, https://www.astrid-lindgren-schule-koeln.de/wordpress/wp-content/uploads/2024/03/b16-210x300.jpg 210w" sizes="auto, (max-width: 280px) 100vw, 280px" /></figure>



<p class="has-text-align-center" style="padding-top:var(--wp--preset--spacing--10);padding-bottom:var(--wp--preset--spacing--10)">Küchenleitung</p>
</div>



<div class="wp-block-column has-border-color has-accent-7-border-color is-layout-flow wp-block-column-is-layout-flow" style="box-shadow:var(--wp--preset--shadow--natural)">
<p class="has-text-align-center" style="padding-top:var(--wp--preset--spacing--10);padding-bottom:var(--wp--preset--spacing--10)">Frau Jafaridzedeh</p>



<figure class="wp-block-image aligncenter size-full"><img loading="lazy" decoding="async" width="279" height="399" src="https://www.astrid-lindgren-schule-koeln.de/wordpress/wp-content/uploads/2024/03/leer.jpg" alt="" class="wp-image-461" srcset="https://www.astrid-lindgren-schule-koeln.de/wordpress/wp-content/uploads/2024/03/leer.jpg 279w, https://www.astrid-lindgren-schule-koeln.de/wordpress/wp-content/uploads/2024/03/leer-210x300.jpg 210w" sizes="auto, (max-width: 279px) 100vw, 279px" /></figure>



<p class="has-text-align-center" style="padding-top:var(--wp--preset--spacing--10);padding-bottom:var(--wp--preset--spacing--10)">Küchenhilfe</p>
</div>



<div class="wp-block-column has-border-color has-accent-6-border-color is-layout-flow wp-block-column-is-layout-flow" style="box-shadow:var(--wp--preset--shadow--natural)">
<p class="has-text-align-center" style="padding-top:var(--wp--preset--spacing--10);padding-bottom:var(--wp--preset--spacing--10)">Frau Ali</p>



<figure class="wp-block-image aligncenter size-full"><img loading="lazy" decoding="async" width="280" height="400" src="https://www.astrid-lindgren-schule-koeln.de/wordpress/wp-content/uploads/2024/03/b21.jpg" alt="" class="wp-image-546" srcset="https://www.astrid-lindgren-schule-koeln.de/wordpress/wp-content/uploads/2024/03/b21.jpg 280w, https://www.astrid-lindgren-schule-koeln.de/wordpress/wp-content/uploads/2024/03/b21-210x300.jpg 210w" sizes="auto, (max-width: 280px) 100vw, 280px" /></figure>



<p class="has-text-align-center" style="padding-top:var(--wp--preset--spacing--10);padding-bottom:var(--wp--preset--spacing--10)">Küchenhilfe</p>
</div>
</div>



<div class="wp-block-columns alignwide is-layout-flex wp-container-core-columns-is-layout-28f84493 wp-block-columns-is-layout-flex">
<div class="wp-block-column is-layout-flow wp-block-column-is-layout-flow" style="border-style:none;border-width:0px;padding-top:var(--wp--preset--spacing--30)">
<div class="wp-block-columns is-layout-flex wp-container-core-columns-is-layout-28f84493 wp-block-columns-is-layout-flex">
<div class="wp-block-column is-layout-flow wp-block-column-is-layout-flow" style="border-style:none;border-width:0px;padding-bottom:var(--wp--preset--spacing--30);flex-basis:100%">
<p>Das Mittagessen findet bei uns zu drei Essenszeiten ( 12:30 Uhr / 13:15 Uhr) in die Mensa statt. Die Kinder essen weitestgehend im Klassenverband. Die kleinen Tischgruppen ermöglichen ein geselliges Mittagessen und entspannte Tischgespräche.</p>



<p>Unser Küchenteam legt großen Wert auf eine gesunde, ausgewogene Ernährung und kocht überwiegend frisch für unsere Kinder. Jeden Tag bieten wir Rohkost oder leckere Salate zu den Gerichten an. Am Nachmittag gibt es zusätzlich Obst für die Kinder.</p>



<p>Wenn es unserem Küchenteam möglich ist, berücksichtigt es gerne auch die Essenswünsche unserer Kinder.</p>



<p>Grundsätzlich verzichten wir auf Schweinefleisch und ermöglichen auch eine vegetarische Ernährung in der Schule.</p>



<p>Unsere aktuellen Speisepläne, die für ein halbes Jahr gelten, können Sie zusätzlich in unserem Schaukasten finden.</p>
</div>
</div>



<figure class="wp-block-gallery has-nested-images columns-4 is-cropped wp-block-gallery-2 is-layout-flex wp-block-gallery-is-layout-flex"></figure>
</div>
</div>



<div data-wp-interactive="core/file" class="wp-block-file"><object data-wp-bind--hidden="!state.hasPdfPreview" hidden class="wp-block-file__embed" data="https://www.astrid-lindgren-schule-koeln.de/wordpress/wp-content/uploads/2025/12/Speiseplan_1.pdf" type="application/pdf" style="width:100%;height:600px" aria-label="Einbettung von Speiseplan_1."></object><a id="wp-block-file--media-f29041bf-09b0-4a4e-9270-ef89696bdcbb" href="https://www.astrid-lindgren-schule-koeln.de/wordpress/wp-content/uploads/2025/12/Speiseplan_1.pdf">Speiseplan_1</a><a href="https://www.astrid-lindgren-schule-koeln.de/wordpress/wp-content/uploads/2025/12/Speiseplan_1.pdf" class="wp-block-file__button wp-element-button" download aria-describedby="wp-block-file--media-f29041bf-09b0-4a4e-9270-ef89696bdcbb">Herunterladen</a></div>



<div data-wp-interactive="core/file" class="wp-block-file"><object data-wp-bind--hidden="!state.hasPdfPreview" hidden class="wp-block-file__embed" data="https://www.astrid-lindgren-schule-koeln.de/wordpress/wp-content/uploads/2025/12/Speiseplan_2.pdf" type="application/pdf" style="width:100%;height:600px" aria-label="Einbettung von Speiseplan_2."></object><a id="wp-block-file--media-d9de6f58-d840-4fd3-ab33-e829299608dc" href="https://www.astrid-lindgren-schule-koeln.de/wordpress/wp-content/uploads/2025/12/Speiseplan_2.pdf">Speiseplan_2</a><a href="https://www.astrid-lindgren-schule-koeln.de/wordpress/wp-content/uploads/2025/12/Speiseplan_2.pdf" class="wp-block-file__button wp-element-button" download aria-describedby="wp-block-file--media-d9de6f58-d840-4fd3-ab33-e829299608dc">Herunterladen</a></div>



<div data-wp-interactive="core/file" class="wp-block-file"><object data-wp-bind--hidden="!state.hasPdfPreview" hidden class="wp-block-file__embed" data="https://www.astrid-lindgren-schule-koeln.de/wordpress/wp-content/uploads/2025/12/Speiseplan_3.pdf" type="application/pdf" style="width:100%;height:600px" aria-label="Einbettung von Speiseplan_3."></object><a id="wp-block-file--media-66004b88-a0a4-44a2-95bd-a95293a2093d" href="https://www.astrid-lindgren-schule-koeln.de/wordpress/wp-content/uploads/2025/12/Speiseplan_3.pdf">Speiseplan_3</a><a href="https://www.astrid-lindgren-schule-koeln.de/wordpress/wp-content/uploads/2025/12/Speiseplan_3.pdf" class="wp-block-file__button wp-element-button" download aria-describedby="wp-block-file--media-66004b88-a0a4-44a2-95bd-a95293a2093d">Herunterladen</a></div>



<div data-wp-interactive="core/file" class="wp-block-file"><object data-wp-bind--hidden="!state.hasPdfPreview" hidden class="wp-block-file__embed" data="https://www.astrid-lindgren-schule-koeln.de/wordpress/wp-content/uploads/2025/12/Speiseplan_4.pdf" type="application/pdf" style="width:100%;height:600px" aria-label="Einbettung von Speiseplan_4."></object><a id="wp-block-file--media-60648a36-067d-4a8d-8878-3c20a90e773b" href="https://www.astrid-lindgren-schule-koeln.de/wordpress/wp-content/uploads/2025/12/Speiseplan_4.pdf">Speiseplan_4</a><a href="https://www.astrid-lindgren-schule-koeln.de/wordpress/wp-content/uploads/2025/12/Speiseplan_4.pdf" class="wp-block-file__button wp-element-button" download aria-describedby="wp-block-file--media-60648a36-067d-4a8d-8878-3c20a90e773b">Herunterladen</a></div>

<p>Offener Ganztag &#8211; Mittagessen Frau Rector Küchenleitung Frau Jafaridzedeh Küchenhilfe Frau Ali Küchenhilfe Das Mittagessen findet bei uns zu drei Essenszeiten ( 12:30 Uhr / 13:15 Uhr) in die Mensa statt. Die Kinder essen weitestgehend im Klassenverband. Die kleinen Tischgruppen ermöglichen ein geselliges Mittagessen und entspannte Tischgespräche. Unser Küchenteam legt großen Wert auf eine gesunde, [&hellip;]</p>
